CRAN Package Check Results for Package dfoptim

Last updated on 2025-05-01 14:49:07 CEST.

Flavor Version Tinstall Tcheck Ttotal Status Flags
r-devel-linux-x86_64-debian-clang 2023.1.0 2.57 23.28 25.85 NOTE
r-devel-linux-x86_64-debian-gcc 2023.1.0 1.86 17.44 19.30 NOTE
r-devel-linux-x86_64-fedora-clang 2023.1.0 40.51 OK
r-devel-linux-x86_64-fedora-gcc 2023.1.0 38.28 OK
r-devel-windows-x86_64 2023.1.0 3.00 39.00 42.00 OK
r-patched-linux-x86_64 2023.1.0 2.57 22.26 24.83 OK
r-release-linux-x86_64 OK
r-release-macos-arm64 2023.1.0 16.00 OK
r-release-macos-x86_64 2023.1.0 35.00 OK
r-release-windows-x86_64 2023.1.0 3.00 42.00 45.00 OK
r-oldrel-macos-arm64 2023.1.0 20.00 OK
r-oldrel-macos-x86_64 2023.1.0 22.00 OK
r-oldrel-windows-x86_64 2023.1.0 4.00 38.00 42.00 OK

Check Details

Version: 2023.1.0
Check: CRAN incoming feasibility
Result: NOTE Maintainer: ‘Ravi Varadhan <ravi.varadhan@jhu.edu>’ No Authors@R field in DESCRIPTION. Please add one, modifying Authors@R: c(person(given = "Ravi", family = "Varadhan", role = c("aut", "cre"), email = "ravi.varadhan@jhu.edu"), person(given = c("Johns", "Hopkins"), family = "University"), person(given = c("Hans", "W."), family = "Borchers", role = "aut"), person(given = c("ABB", "Corporate"), family = "Research"), person(given = "Vincent", family = "Bechard", role = "aut"), person(given = "HEC", family = "Montreal", comment = "Montreal University")) as necessary. Flavors: r-devel-linux-x86_64-debian-clang, r-devel-linux-x86_64-debian-gcc

These binaries (installable software) and packages are in development.
They may not be fully stable and should be used with caution. We make no claims about them.