Last updated on 2025-11-16 05:48:33 CET.
| Flavor | Version | Tinstall | Tcheck | Ttotal | Status | Flags |
|---|---|---|---|---|---|---|
| r-devel-linux-x86_64-debian-clang | 1.0.1 | 14.88 | 23.95 | 38.83 | NOTE | |
| r-devel-linux-x86_64-debian-gcc | 1.0.1 | 10.68 | 19.51 | 30.19 | NOTE | |
| r-devel-linux-x86_64-fedora-clang | 1.0.1 | 31.00 | 35.53 | 66.53 | NOTE | |
| r-devel-linux-x86_64-fedora-gcc | 1.0.1 | 23.00 | 38.25 | 61.25 | NOTE | |
| r-devel-windows-x86_64 | 1.0.1 | 24.00 | 54.00 | 78.00 | NOTE | |
| r-patched-linux-x86_64 | 1.0.1 | 14.83 | 23.02 | 37.85 | NOTE | |
| r-release-linux-x86_64 | 1.0.1 | 14.62 | 22.88 | 37.50 | NOTE | |
| r-release-macos-arm64 | 1.0.1 | 7.00 | 16.00 | 23.00 | NOTE | |
| r-release-macos-x86_64 | 1.0.1 | 10.00 | 25.00 | 35.00 | NOTE | |
| r-release-windows-x86_64 | 1.0.1 | 20.00 | 138.00 | 158.00 | NOTE | |
| r-oldrel-macos-arm64 | 1.0.1 | 7.00 | 15.00 | 22.00 | NOTE | |
| r-oldrel-macos-x86_64 | 1.0.1 | 9.00 | 23.00 | 32.00 | NOTE | |
| r-oldrel-windows-x86_64 | 1.0.1 | 24.00 | 66.00 | 90.00 | NOTE |
Version: 1.0.1
Check: C++ specification
Result: NOTE
Specified C++11: please drop specification unless essential
Flavors: r-devel-linux-x86_64-debian-clang, r-devel-linux-x86_64-debian-gcc, r-devel-linux-x86_64-fedora-clang, r-devel-linux-x86_64-fedora-gcc, r-devel-windows-x86_64, r-patched-linux-x86_64, r-release-linux-x86_64, r-release-macos-arm64, r-release-macos-x86_64, r-release-windows-x86_64, r-oldrel-macos-arm64, r-oldrel-macos-x86_64, r-oldrel-windows-x86_64
These binaries (installable software) and packages are in development.
They may not be fully stable and should be used with caution. We make no claims about them.