CRAN Package Check Results for Package dgumbel

Last updated on 2025-05-21 21:49:14 CEST.

Flavor Version Tinstall Tcheck Ttotal Status Flags
r-devel-linux-x86_64-debian-clang 1.0.1 14.32 22.47 36.79 NOTE
r-devel-linux-x86_64-debian-gcc 1.0.1 11.36 18.49 29.85 NOTE
r-devel-linux-x86_64-fedora-clang 1.0.1 65.26 NOTE
r-devel-linux-x86_64-fedora-gcc 1.0.1 66.07 NOTE
r-devel-windows-x86_64 1.0.1 20.00 73.00 93.00 NOTE
r-patched-linux-x86_64 1.0.1 15.18 21.53 36.71 NOTE
r-release-linux-x86_64 1.0.1 14.92 21.83 36.75 NOTE
r-release-macos-arm64 1.0.1 23.00 NOTE
r-release-macos-x86_64 1.0.1 35.00 NOTE
r-release-windows-x86_64 1.0.1 21.00 73.00 94.00 NOTE
r-oldrel-macos-arm64 1.0.1 22.00 NOTE
r-oldrel-macos-x86_64 1.0.1 32.00 NOTE
r-oldrel-windows-x86_64 1.0.1 21.00 71.00 92.00 NOTE

Check Details

Version: 1.0.1
Check: C++ specification
Result: NOTE Specified C++11: please drop specification unless essential Flavors: r-devel-linux-x86_64-debian-clang, r-devel-linux-x86_64-debian-gcc, r-devel-linux-x86_64-fedora-clang, r-devel-linux-x86_64-fedora-gcc, r-devel-windows-x86_64, r-patched-linux-x86_64, r-release-linux-x86_64, r-release-macos-arm64, r-release-macos-x86_64, r-release-windows-x86_64, r-oldrel-macos-arm64, r-oldrel-macos-x86_64, r-oldrel-windows-x86_64

These binaries (installable software) and packages are in development.
They may not be fully stable and should be used with caution. We make no claims about them.