Last updated on 2025-11-11 15:50:32 CET.
| Flavor | Version | Tinstall | Tcheck | Ttotal | Status | Flags |
|---|---|---|---|---|---|---|
| r-devel-linux-x86_64-debian-clang | 2.0 | 30.49 | 112.19 | 142.68 | NOTE | |
| r-devel-linux-x86_64-debian-gcc | 2.0 | 18.00 | 74.30 | 92.30 | NOTE | |
| r-devel-linux-x86_64-fedora-clang | 2.0 | 61.00 | 163.12 | 224.12 | OK | |
| r-devel-linux-x86_64-fedora-gcc | 2.0 | 59.00 | 151.98 | 210.98 | OK | |
| r-devel-windows-x86_64 | 2.0 | 26.00 | 104.00 | 130.00 | OK | |
| r-patched-linux-x86_64 | 2.0 | 29.60 | 108.24 | 137.84 | OK | |
| r-release-linux-x86_64 | 2.0 | 28.77 | 108.12 | 136.89 | OK | |
| r-release-macos-arm64 | 2.0 | 12.00 | 41.00 | 53.00 | OK | |
| r-release-macos-x86_64 | 2.0 | 28.00 | 85.00 | 113.00 | OK | |
| r-release-windows-x86_64 | 2.0 | 26.00 | 105.00 | 131.00 | OK | |
| r-oldrel-macos-arm64 | 2.0 | 12.00 | 42.00 | 54.00 | OK | |
| r-oldrel-macos-x86_64 | 2.0 | 19.00 | 66.00 | 85.00 | OK | |
| r-oldrel-windows-x86_64 | 2.0 | 39.00 | 135.00 | 174.00 | OK |
Version: 2.0
Check: CRAN incoming feasibility
Result: NOTE
Maintainer: ‘Maengseok Noh <msnoh@pknu.ac.kr>’
No Authors@R field in DESCRIPTION.
Please add one, modifying
Authors@R: c(person(given = "Youngjo",
family = "Lee",
role = "aut"),
person(given = "Maengseok",
family = "Noh",
role = c("aut", "cre"),
email = "msnoh@pknu.ac.kr"))
as necessary.
Flavors: r-devel-linux-x86_64-debian-clang, r-devel-linux-x86_64-debian-gcc
These binaries (installable software) and packages are in development.
They may not be fully stable and should be used with caution. We make no claims about them.