CRAN Package Check Results for Package diagram

Last updated on 2025-05-01 22:49:38 CEST.

Flavor Version Tinstall Tcheck Ttotal Status Flags
r-devel-linux-x86_64-debian-clang 1.6.5 3.05 39.32 42.37 NOTE
r-devel-linux-x86_64-debian-gcc 1.6.5 2.18 30.05 32.23 NOTE
r-devel-linux-x86_64-fedora-clang 1.6.5 66.78 OK
r-devel-linux-x86_64-fedora-gcc 1.6.5 76.75 OK
r-devel-windows-x86_64 1.6.5 5.00 92.00 97.00 OK
r-patched-linux-x86_64 1.6.5 4.33 37.79 42.12 OK
r-release-linux-x86_64 OK
r-release-macos-arm64 1.6.5 31.00 OK
r-release-macos-x86_64 1.6.5 59.00 OK
r-release-windows-x86_64 1.6.5 5.00 95.00 100.00 OK
r-oldrel-macos-arm64 1.6.5 32.00 OK
r-oldrel-macos-x86_64 1.6.5 45.00 OK
r-oldrel-windows-x86_64 1.6.5 4.00 90.00 94.00 OK

Check Details

Version: 1.6.5
Check: CRAN incoming feasibility
Result: NOTE Maintainer: ‘Karline Soetaert <karline.soetaert@nioz.nl>’ No Authors@R field in DESCRIPTION. Please add one, modifying Authors@R: person(given = "Karline", family = "Soetaert", role = c("aut", "cre"), email = "karline.soetaert@nioz.nl") as necessary. Flavors: r-devel-linux-x86_64-debian-clang, r-devel-linux-x86_64-debian-gcc

These binaries (installable software) and packages are in development.
They may not be fully stable and should be used with caution. We make no claims about them.