CRAN Package Check Results for Package dials

Last updated on 2025-05-21 23:48:40 CEST.

Flavor Version Tinstall Tcheck Ttotal Status Flags
r-devel-linux-x86_64-debian-clang 1.4.0 8.12 92.76 100.88 NOTE
r-devel-linux-x86_64-debian-gcc 1.4.0 4.88 61.87 66.75 NOTE
r-devel-linux-x86_64-fedora-clang 1.4.0 156.55 OK
r-devel-linux-x86_64-fedora-gcc 1.4.0 161.07 OK
r-devel-windows-x86_64 1.4.0 10.00 142.00 152.00 OK
r-patched-linux-x86_64 1.4.0 8.75 86.68 95.43 OK
r-release-linux-x86_64 1.4.0 6.66 85.20 91.86 OK
r-release-macos-arm64 1.4.0 55.00 OK
r-release-macos-x86_64 1.4.0 92.00 OK
r-release-windows-x86_64 1.4.0 10.00 126.00 136.00 OK
r-oldrel-macos-arm64 1.4.0 59.00 OK
r-oldrel-macos-x86_64 1.4.0 117.00 OK
r-oldrel-windows-x86_64 1.4.0 13.00 149.00 162.00 OK

Check Details

Version: 1.4.0
Check: DESCRIPTION meta-information
Result: NOTE Author field differs from that derived from Authors@R Author: ‘Max Kuhn [aut], Hannah Frick [aut, cre], Posit Software, PBC [cph, fnd] (03wc8by49)’ Authors@R: ‘Max Kuhn [aut], Hannah Frick [aut, cre], Posit Software, PBC [cph, fnd] (ROR: <https://ror.org/03wc8by49>)’ Flavors: r-devel-linux-x86_64-debian-clang, r-devel-linux-x86_64-debian-gcc

These binaries (installable software) and packages are in development.
They may not be fully stable and should be used with caution. We make no claims about them.