Last updated on 2024-07-27 15:50:15 CEST.
Flavor | Version | Tinstall | Tcheck | Ttotal | Status | Flags |
---|---|---|---|---|---|---|
r-devel-linux-x86_64-debian-clang | 1.2.1 | 10.21 | 95.14 | 105.35 | OK | |
r-devel-linux-x86_64-debian-gcc | 1.2.1 | OK | ||||
r-devel-linux-x86_64-fedora-clang | 1.2.1 | 126.68 | NOTE | |||
r-devel-linux-x86_64-fedora-gcc | 1.2.1 | 133.18 | OK | |||
r-devel-windows-x86_64 | 1.2.1 | 10.00 | 103.00 | 113.00 | OK | |
r-patched-linux-x86_64 | 1.2.1 | OK | ||||
r-release-linux-x86_64 | 1.2.1 | 8.16 | 91.97 | 100.13 | OK | |
r-release-macos-arm64 | 1.2.1 | 44.00 | OK | |||
r-release-macos-x86_64 | 1.2.1 | 66.00 | OK | |||
r-release-windows-x86_64 | 1.2.1 | 9.00 | 102.00 | 111.00 | OK | |
r-oldrel-macos-arm64 | 1.2.1 | 48.00 | OK | |||
r-oldrel-macos-x86_64 | 1.2.1 | 94.00 | OK | |||
r-oldrel-windows-x86_64 | 1.2.1 | 13.00 | 114.00 | 127.00 | OK |
Version: 1.2.1
Check: Rd cross-references
Result: NOTE
Undeclared packages ‘uwot’, ‘embed’ in Rd xrefs
Flavor: r-devel-linux-x86_64-fedora-clang
These binaries (installable software) and packages are in development.
They may not be fully stable and should be used with caution. We make no claims about them.