CRAN Package Check Results for Package diaplt

Last updated on 2025-11-11 15:50:32 CET.

Flavor Version Tinstall Tcheck Ttotal Status Flags
r-devel-linux-x86_64-debian-clang 1.4.0 1.92 22.03 23.95 NOTE
r-devel-linux-x86_64-debian-gcc 1.4.0 1.43 17.52 18.95 NOTE
r-devel-linux-x86_64-fedora-clang 1.4.0 34.90 OK
r-devel-linux-x86_64-fedora-gcc 1.4.0 33.44 OK
r-devel-windows-x86_64 1.4.0 4.00 42.00 46.00 OK
r-patched-linux-x86_64 1.4.0 1.98 21.25 23.23 OK
r-release-linux-x86_64 1.4.0 1.88 21.06 22.94 OK
r-release-macos-arm64 1.4.0 1.00 15.00 16.00 OK
r-release-macos-x86_64 1.4.0 2.00 22.00 24.00 OK
r-release-windows-x86_64 1.4.0 2.00 40.00 42.00 OK
r-oldrel-macos-arm64 1.4.0 1.00 14.00 15.00 OK
r-oldrel-macos-x86_64 1.4.0 2.00 21.00 23.00 OK
r-oldrel-windows-x86_64 1.4.0 3.00 43.00 46.00 OK

Check Details

Version: 1.4.0
Check: CRAN incoming feasibility
Result: NOTE Maintainer: ‘Shinichiro Tomizono <cowares@gmail.com>’ No Authors@R field in DESCRIPTION. Please add one, modifying Authors@R: person(given = "Shinichiro", family = "Tomizono", role = c("aut", "cre"), email = "cowares@gmail.com") as necessary. Flavors: r-devel-linux-x86_64-debian-clang, r-devel-linux-x86_64-debian-gcc

These binaries (installable software) and packages are in development.
They may not be fully stable and should be used with caution. We make no claims about them.