CRAN Package Check Results for Package dice

Last updated on 2025-05-07 22:48:25 CEST.

Flavor Version Tinstall Tcheck Ttotal Status Flags
r-devel-linux-x86_64-debian-clang 1.2 1.71 20.23 21.94 NOTE
r-devel-linux-x86_64-debian-gcc 1.2 1.40 16.73 18.13 NOTE
r-devel-linux-x86_64-fedora-clang 1.2 35.10 OK
r-devel-linux-x86_64-fedora-gcc 1.2 32.91 OK
r-devel-windows-x86_64 1.2 2.00 46.00 48.00 OK
r-patched-linux-x86_64 1.2 1.94 19.79 21.73 OK
r-release-linux-x86_64 1.2 1.62 19.46 21.08 OK
r-release-macos-arm64 1.2 17.00 OK
r-release-macos-x86_64 1.2 24.00 OK
r-release-windows-x86_64 1.2 3.00 50.00 53.00 OK
r-oldrel-macos-arm64 1.2 16.00 OK
r-oldrel-macos-x86_64 1.2 24.00 OK
r-oldrel-windows-x86_64 1.2 3.00 49.00 52.00 OK

Check Details

Version: 1.2
Check: CRAN incoming feasibility
Result: NOTE Maintainer: ‘Dylan Arena <dylanarena1@gmail.com>’ No Authors@R field in DESCRIPTION. Please add one, modifying Authors@R: person(given = "Dylan", family = "Arena", role = c("aut", "cre"), email = "dylanarena1@gmail.com") as necessary. Flavors: r-devel-linux-x86_64-debian-clang, r-devel-linux-x86_64-debian-gcc

These binaries (installable software) and packages are in development.
They may not be fully stable and should be used with caution. We make no claims about them.