Last updated on 2025-05-01 08:52:30 CEST.
Flavor | Version | Tinstall | Tcheck | Ttotal | Status | Flags |
---|---|---|---|---|---|---|
r-devel-linux-x86_64-debian-clang | 3.0.0 | 18.48 | 168.80 | 187.28 | NOTE | |
r-devel-linux-x86_64-debian-gcc | 3.0.0 | 13.06 | 114.28 | 127.34 | OK | |
r-devel-linux-x86_64-fedora-clang | 3.0.0 | 299.64 | OK | |||
r-devel-linux-x86_64-fedora-gcc | 3.0.0 | 296.56 | OK | |||
r-devel-windows-x86_64 | 3.0.0 | 22.00 | 200.00 | 222.00 | OK | |
r-patched-linux-x86_64 | 3.0.0 | 18.66 | 160.33 | 178.99 | OK | |
r-release-linux-x86_64 | OK | |||||
r-release-macos-arm64 | 3.0.0 | 96.00 | OK | |||
r-release-macos-x86_64 | 3.0.0 | 145.00 | OK | |||
r-release-windows-x86_64 | 3.0.0 | 24.00 | 206.00 | 230.00 | OK | |
r-oldrel-macos-arm64 | 3.0.0 | 77.00 | OK | |||
r-oldrel-macos-x86_64 | 3.0.0 | 171.00 | OK | |||
r-oldrel-windows-x86_64 | 3.0.0 | 29.00 | 266.00 | 295.00 | OK |
Version: 3.0.0
Check: examples
Result: NOTE
Examples with CPU (user + system) or elapsed time > 5s
user system elapsed
consensus_combine 3.648 0.075 5.067
Flavor: r-devel-linux-x86_64-debian-clang
These binaries (installable software) and packages are in development.
They may not be fully stable and should be used with caution. We make no claims about them.