Last updated on 2025-02-16 10:50:44 CET.
Flavor | Version | Tinstall | Tcheck | Ttotal | Status | Flags |
---|---|---|---|---|---|---|
r-devel-linux-x86_64-debian-clang | 0.1.1 | 3.14 | 29.09 | 32.23 | NOTE | |
r-devel-linux-x86_64-debian-gcc | 0.1.1 | 2.34 | 21.93 | 24.27 | NOTE | |
r-devel-linux-x86_64-fedora-clang | 0.1.1 | 55.32 | NOTE | |||
r-devel-linux-x86_64-fedora-gcc | 0.1.1 | 48.58 | NOTE | |||
r-devel-macos-arm64 | 0.1.1 | 21.00 | NOTE | |||
r-devel-macos-x86_64 | 0.1.1 | 34.00 | NOTE | |||
r-devel-windows-x86_64 | 0.1.1 | 4.00 | 49.00 | 53.00 | NOTE | |
r-patched-linux-x86_64 | 0.1.1 | 3.41 | 27.16 | 30.57 | NOTE | |
r-release-linux-x86_64 | 0.1.1 | 2.99 | 27.05 | 30.04 | NOTE | |
r-release-macos-arm64 | 0.1.1 | 20.00 | NOTE | |||
r-release-macos-x86_64 | 0.1.1 | 28.00 | NOTE | |||
r-release-windows-x86_64 | 0.1.1 | 4.00 | 49.00 | 53.00 | NOTE | |
r-oldrel-macos-arm64 | 0.1.1 | 21.00 | OK | |||
r-oldrel-macos-x86_64 | 0.1.1 | 28.00 | OK | |||
r-oldrel-windows-x86_64 | 0.1.1 | 5.00 | 49.00 | 54.00 | OK |
Version: 0.1.1
Check: Rd files
Result: NOTE
checkRd: (-1) define.Rd:16: Lost braces in \itemize; \value handles \item{}{} directly
checkRd: (-1) define.Rd:17-18: Lost braces in \itemize; \value handles \item{}{} directly
checkRd: (-1) define.Rd:19: Lost braces in \itemize; \value handles \item{}{} directly
checkRd: (-1) define.Rd:20: Lost braces in \itemize; \value handles \item{}{} directly
checkRd: (-1) define.Rd:21-22: Lost braces in \itemize; \value handles \item{}{} directly
checkRd: (-1) define.Rd:23-24: Lost braces in \itemize; \value handles \item{}{} directly
checkRd: (-1) define.Rd:25: Lost braces in \itemize; \value handles \item{}{} directly
checkRd: (-1) define.Rd:26: Lost braces in \itemize; \value handles \item{}{} directly
checkRd: (-1) define.Rd:27: Lost braces in \itemize; \value handles \item{}{} directly
checkRd: (-1) define.Rd:28: Lost braces in \itemize; \value handles \item{}{} directly
checkRd: (-1) define.Rd:29: Lost braces in \itemize; \value handles \item{}{} directly
Flavors: r-devel-linux-x86_64-debian-clang, r-devel-linux-x86_64-debian-gcc, r-devel-linux-x86_64-fedora-clang, r-devel-linux-x86_64-fedora-gcc, r-devel-macos-arm64, r-devel-macos-x86_64, r-devel-windows-x86_64, r-patched-linux-x86_64, r-release-linux-x86_64, r-release-macos-arm64, r-release-macos-x86_64, r-release-windows-x86_64
These binaries (installable software) and packages are in development.
They may not be fully stable and should be used with caution. We make no claims about them.