Last updated on 2025-10-23 11:50:11 CEST.
Flavor | Version | Tinstall | Tcheck | Ttotal | Status | Flags |
---|---|---|---|---|---|---|
r-devel-linux-x86_64-debian-clang | 1.2.0 | 9.66 | 105.68 | 115.34 | NOTE | |
r-devel-linux-x86_64-debian-gcc | 1.2.0 | 6.51 | 77.59 | 84.10 | OK | |
r-devel-linux-x86_64-fedora-clang | 1.2.0 | 26.00 | 152.41 | 178.41 | OK | |
r-devel-linux-x86_64-fedora-gcc | 1.2.0 | 20.00 | 162.45 | 182.45 | OK | |
r-devel-windows-x86_64 | 1.2.0 | 13.00 | 108.00 | 121.00 | OK | |
r-patched-linux-x86_64 | 1.2.0 | 6.99 | 99.64 | 106.63 | OK | |
r-release-linux-x86_64 | 1.2.0 | 9.21 | 99.08 | 108.29 | OK | |
r-release-macos-arm64 | 1.2.0 | 6.00 | 75.00 | 81.00 | OK | |
r-release-macos-x86_64 | 1.2.0 | 11.00 | 99.00 | 110.00 | OK | |
r-release-windows-x86_64 | 1.2.0 | 13.00 | 109.00 | 122.00 | OK | |
r-oldrel-macos-arm64 | 1.2.0 | 6.00 | 76.00 | 82.00 | OK | |
r-oldrel-macos-x86_64 | 1.2.0 | 12.00 | 116.00 | 128.00 | OK | |
r-oldrel-windows-x86_64 | 1.2.0 | 16.00 | 137.00 | 153.00 | OK |
Version: 1.2.0
Check: HTML version of manual
Result: NOTE
Found the following HTML validation problems:
did2s.html:251:1 (did2s.Rd:192): Warning: missing </ul> before </div>
honest_did_did2s.html:151:1 (honest_did_did2s.Rd:82): Warning: missing </ul> before </div>
Flavor: r-devel-linux-x86_64-debian-clang
These binaries (installable software) and packages are in development.
They may not be fully stable and should be used with caution. We make no claims about them.