Last updated on 2025-05-21 21:49:14 CEST.
Flavor | Version | Tinstall | Tcheck | Ttotal | Status | Flags |
---|---|---|---|---|---|---|
r-devel-linux-x86_64-debian-clang | 0.3.0 | 25.53 | 74.06 | 99.59 | NOTE | |
r-devel-linux-x86_64-debian-gcc | 0.3.0 | 20.38 | 54.05 | 74.43 | NOTE | |
r-devel-linux-x86_64-fedora-clang | 0.3.0 | 161.40 | NOTE | |||
r-devel-linux-x86_64-fedora-gcc | 0.3.0 | 159.67 | NOTE | |||
r-devel-windows-x86_64 | 0.3.0 | 34.00 | 113.00 | 147.00 | NOTE | |
r-patched-linux-x86_64 | 0.3.0 | 28.13 | 68.98 | 97.11 | NOTE | |
r-release-linux-x86_64 | 0.3.0 | 28.06 | 70.38 | 98.44 | NOTE | |
r-release-macos-arm64 | 0.3.0 | 51.00 | NOTE | |||
r-release-macos-x86_64 | 0.3.0 | 104.00 | NOTE | |||
r-release-windows-x86_64 | 0.3.0 | 36.00 | 111.00 | 147.00 | NOTE | |
r-oldrel-macos-arm64 | 0.3.0 | 40.00 | NOTE | |||
r-oldrel-macos-x86_64 | 0.3.0 | 80.00 | NOTE | |||
r-oldrel-windows-x86_64 | 0.3.0 | 43.00 | 127.00 | 170.00 | NOTE |
Version: 0.3.0
Check: CRAN incoming feasibility
Result: NOTE
Maintainer: ‘Kyle Butts <kyle.butts@colorado.edu>’
Package CITATION file contains call(s) to old-style citEntry(). Please
use bibentry() instead.
Flavors: r-devel-linux-x86_64-debian-clang, r-devel-linux-x86_64-debian-gcc
Version: 0.3.0
Check: C++ specification
Result: NOTE
Specified C++11: please drop specification unless essential
Flavors: r-devel-linux-x86_64-debian-clang, r-devel-linux-x86_64-debian-gcc, r-devel-linux-x86_64-fedora-clang, r-devel-linux-x86_64-fedora-gcc, r-devel-windows-x86_64, r-patched-linux-x86_64, r-release-linux-x86_64, r-release-macos-arm64, r-release-macos-x86_64, r-release-windows-x86_64, r-oldrel-macos-arm64, r-oldrel-macos-x86_64, r-oldrel-windows-x86_64
Version: 0.3.0
Check: Rd files
Result: NOTE
checkRd: (-1) did_imputation.Rd:74: Lost braces; missing escapes or markup?
74 | form average treatment effects for groups of {it}.
| ^
Flavors: r-devel-linux-x86_64-debian-clang, r-devel-linux-x86_64-debian-gcc, r-devel-linux-x86_64-fedora-clang, r-devel-linux-x86_64-fedora-gcc, r-devel-windows-x86_64, r-patched-linux-x86_64, r-release-linux-x86_64, r-release-macos-arm64, r-release-macos-x86_64, r-release-windows-x86_64, r-oldrel-macos-arm64, r-oldrel-macos-x86_64, r-oldrel-windows-x86_64
These binaries (installable software) and packages are in development.
They may not be fully stable and should be used with caution. We make no claims about them.