CRAN Package Check Results for Package didrooRFM

Last updated on 2025-10-03 13:49:30 CEST.

Flavor Version Tinstall Tcheck Ttotal Status Flags
r-devel-linux-x86_64-debian-clang 1.0.0 3.73 30.96 34.69 OK
r-devel-linux-x86_64-debian-gcc 1.0.0 2.72 23.61 26.33 OK
r-devel-linux-x86_64-fedora-clang 1.0.0 52.79 OK
r-devel-linux-x86_64-fedora-gcc 1.0.0 49.81 OK
r-devel-windows-x86_64 1.0.0 6.00 48.00 54.00 OK
r-patched-linux-x86_64 1.0.0 3.45 29.42 32.87 OK
r-release-linux-x86_64 1.0.0 3.32 29.49 32.81 OK
r-release-macos-arm64 1.0.0 21.00 OK
r-release-macos-x86_64 1.0.0 33.00 OK
r-release-windows-x86_64 1.0.0 4.00 48.00 52.00 OK
r-oldrel-macos-arm64 1.0.0 19.00 NOTE
r-oldrel-macos-x86_64 1.0.0 34.00 NOTE
r-oldrel-windows-x86_64 1.0.0 7.00 55.00 62.00 NOTE

Check Details

Version: 1.0.0
Check: LazyData
Result: NOTE 'LazyData' is specified without a 'data' directory Flavors: r-oldrel-macos-arm64, r-oldrel-macos-x86_64, r-oldrel-windows-x86_64

These binaries (installable software) and packages are in development.
They may not be fully stable and should be used with caution. We make no claims about them.