Last updated on 2025-05-01 15:49:29 CEST.
Flavor | Version | Tinstall | Tcheck | Ttotal | Status | Flags |
---|---|---|---|---|---|---|
r-devel-linux-x86_64-debian-clang | 0.1-0 | 2.01 | 22.97 | 24.98 | NOTE | |
r-devel-linux-x86_64-debian-gcc | 0.1-0 | 1.60 | 18.99 | 20.59 | NOTE | |
r-devel-linux-x86_64-fedora-clang | 0.1-0 | 39.90 | OK | |||
r-devel-linux-x86_64-fedora-gcc | 0.1-0 | 54.68 | OK | |||
r-devel-windows-x86_64 | 0.1-0 | 3.00 | 48.00 | 51.00 | OK | |
r-patched-linux-x86_64 | 0.1-0 | 1.78 | 22.22 | 24.00 | OK | |
r-release-linux-x86_64 | OK | |||||
r-release-macos-arm64 | 0.1-0 | 39.00 | OK | |||
r-release-macos-x86_64 | 0.1-0 | 56.00 | OK | |||
r-release-windows-x86_64 | 0.1-0 | 3.00 | 53.00 | 56.00 | OK | |
r-oldrel-macos-arm64 | 0.1-0 | 25.00 | OK | |||
r-oldrel-macos-x86_64 | 0.1-0 | 36.00 | OK | |||
r-oldrel-windows-x86_64 | 0.1-0 | 4.00 | 49.00 | 53.00 | OK |
Version: 0.1-0
Check: CRAN incoming feasibility
Result: NOTE
Maintainer: ‘Christian Graul <christian.graul@gmail.com>’
No Authors@R field in DESCRIPTION.
Please add one, modifying
Authors@R: person(given = "Christian",
family = "Graul",
role = c("aut", "cre"),
email = "christian.graul@gmail.com")
as necessary.
Package CITATION file contains call(s) to old-style citEntry(). Please
use bibentry() instead.
Flavors: r-devel-linux-x86_64-debian-clang, r-devel-linux-x86_64-debian-gcc
These binaries (installable software) and packages are in development.
They may not be fully stable and should be used with caution. We make no claims about them.