Last updated on 2025-05-01 22:49:38 CEST.
Flavor | Version | Tinstall | Tcheck | Ttotal | Status | Flags |
---|---|---|---|---|---|---|
r-devel-linux-x86_64-debian-clang | 0.9.0 | 5.69 | 53.28 | 58.97 | NOTE | |
r-devel-linux-x86_64-debian-gcc | 0.9.0 | 4.29 | 38.66 | 42.95 | NOTE | |
r-devel-linux-x86_64-fedora-clang | 0.9.0 | 92.48 | OK | |||
r-devel-linux-x86_64-fedora-gcc | 0.9.0 | 84.03 | OK | |||
r-devel-windows-x86_64 | 0.9.0 | 7.00 | 66.00 | 73.00 | OK | |
r-patched-linux-x86_64 | 0.9.0 | 5.71 | 48.22 | 53.93 | OK | |
r-release-linux-x86_64 | OK | |||||
r-release-macos-arm64 | 0.9.0 | 30.00 | OK | |||
r-release-macos-x86_64 | 0.9.0 | 64.00 | OK | |||
r-release-windows-x86_64 | 0.9.0 | 8.00 | 66.00 | 74.00 | OK | |
r-oldrel-macos-arm64 | 0.9.0 | 29.00 | OK | |||
r-oldrel-macos-x86_64 | 0.9.0 | 46.00 | OK | |||
r-oldrel-windows-x86_64 | 0.9.0 | 9.00 | 78.00 | 87.00 | OK |
Version: 0.9.0
Check: CRAN incoming feasibility
Result: NOTE
Maintainer: ‘Riaz Arbi <diffdfs@arbidata.com>’
The BugReports field in DESCRIPTION has
https://github.com/riazarbi/diffdfs
which should likely be
https://github.com/riazarbi/diffdfs/issues
instead.
Flavors: r-devel-linux-x86_64-debian-clang, r-devel-linux-x86_64-debian-gcc
These binaries (installable software) and packages are in development.
They may not be fully stable and should be used with caution. We make no claims about them.