Last updated on 2025-10-23 11:50:11 CEST.
Flavor | Version | Tinstall | Tcheck | Ttotal | Status | Flags |
---|---|---|---|---|---|---|
r-devel-linux-x86_64-debian-clang | 0.9.0 | 6.63 | 56.54 | 63.17 | NOTE | |
r-devel-linux-x86_64-debian-gcc | 0.9.0 | 4.81 | 40.27 | 45.08 | NOTE | |
r-devel-linux-x86_64-fedora-clang | 0.9.0 | 18.00 | 75.57 | 93.57 | OK | |
r-devel-linux-x86_64-fedora-gcc | 0.9.0 | 15.00 | 71.90 | 86.90 | OK | |
r-devel-windows-x86_64 | 0.9.0 | 7.00 | 65.00 | 72.00 | OK | |
r-patched-linux-x86_64 | 0.9.0 | 6.28 | 49.75 | 56.03 | OK | |
r-release-linux-x86_64 | 0.9.0 | 5.80 | 49.97 | 55.77 | OK | |
r-release-macos-arm64 | 0.9.0 | 4.00 | 26.00 | 30.00 | OK | |
r-release-macos-x86_64 | 0.9.0 | 6.00 | 58.00 | 64.00 | OK | |
r-release-windows-x86_64 | 0.9.0 | 7.00 | 65.00 | 72.00 | OK | |
r-oldrel-macos-arm64 | 0.9.0 | 3.00 | 26.00 | 29.00 | OK | |
r-oldrel-macos-x86_64 | 0.9.0 | 5.00 | 41.00 | 46.00 | OK | |
r-oldrel-windows-x86_64 | 0.9.0 | 9.00 | 82.00 | 91.00 | OK |
Version: 0.9.0
Check: CRAN incoming feasibility
Result: NOTE
Maintainer: ‘Riaz Arbi <diffdfs@arbidata.com>’
The BugReports field in DESCRIPTION has
https://github.com/riazarbi/diffdfs
which should likely be
https://github.com/riazarbi/diffdfs/issues
instead.
Flavors: r-devel-linux-x86_64-debian-clang, r-devel-linux-x86_64-debian-gcc
These binaries (installable software) and packages are in development.
They may not be fully stable and should be used with caution. We make no claims about them.