CRAN Package Check Results for Package diffeRenTES

Last updated on 2025-05-08 04:52:03 CEST.

Flavor Version Tinstall Tcheck Ttotal Status Flags
r-devel-linux-x86_64-debian-clang 0.3.2 4.30 44.35 48.65 NOTE
r-devel-linux-x86_64-debian-gcc 0.3.2 3.36 34.72 38.08 NOTE
r-devel-linux-x86_64-fedora-clang 0.3.2 77.39 OK
r-devel-linux-x86_64-fedora-gcc 0.3.2 89.37 OK
r-devel-windows-x86_64 0.3.2 6.00 61.00 67.00 OK
r-patched-linux-x86_64 0.3.2 4.38 43.43 47.81 OK
r-release-linux-x86_64 0.3.2 4.18 43.30 47.48 OK
r-release-macos-arm64 0.3.2 35.00 OK
r-release-macos-x86_64 0.3.2 78.00 OK
r-release-windows-x86_64 0.3.2 6.00 63.00 69.00 OK
r-oldrel-macos-arm64 0.3.2 37.00 OK
r-oldrel-macos-x86_64 0.3.2 47.00 OK
r-oldrel-windows-x86_64 0.3.2 7.00 68.00 75.00 OK

Check Details

Version: 0.3.2
Check: CRAN incoming feasibility
Result: NOTE Maintainer: ‘Michele Braccini <braccini.michele@gmail.com>’ No Authors@R field in DESCRIPTION. Please add one, modifying Authors@R: person(given = "Michele", family = "Braccini", role = c("aut", "cre"), email = "braccini.michele@gmail.com") as necessary. Flavors: r-devel-linux-x86_64-debian-clang, r-devel-linux-x86_64-debian-gcc

These binaries (installable software) and packages are in development.
They may not be fully stable and should be used with caution. We make no claims about them.