CRAN Package Check Results for Package diffee

Last updated on 2025-02-19 16:50:46 CET.

Flavor Version Tinstall Tcheck Ttotal Status Flags
r-devel-linux-x86_64-debian-clang 1.1.0 2.75 28.19 30.94 OK
r-devel-linux-x86_64-debian-gcc 1.1.0 2.17 21.92 24.09 OK
r-devel-linux-x86_64-fedora-clang 1.1.0 48.49 OK
r-devel-linux-x86_64-fedora-gcc 1.1.0 46.84 OK
r-devel-macos-arm64 1.1.0 21.00 OK
r-devel-macos-x86_64 1.1.0 31.00 OK
r-devel-windows-x86_64 1.1.0 4.00 51.00 55.00 OK
r-patched-linux-x86_64 1.1.0 2.55 26.93 29.48 OK
r-release-linux-x86_64 1.1.0 2.93 26.56 29.49 OK
r-release-macos-arm64 1.1.0 20.00 OK
r-release-macos-x86_64 1.1.0 28.00 OK
r-release-windows-x86_64 1.1.0 5.00 3.00 8.00 FAIL
r-oldrel-macos-arm64 1.1.0 21.00 OK
r-oldrel-macos-x86_64 1.1.0 27.00 OK
r-oldrel-windows-x86_64 1.1.0 5.00 59.00 64.00 OK

Check Details

Version: 1.1.0
Check: package dependencies
Result: FAIL
Flavor: r-release-windows-x86_64

These binaries (installable software) and packages are in development.
They may not be fully stable and should be used with caution. We make no claims about them.