CRAN Package Check Results for Package diffee

Last updated on 2025-05-08 04:52:03 CEST.

Flavor Version Tinstall Tcheck Ttotal Status Flags
r-devel-linux-x86_64-debian-clang 1.1.0 2.39 28.28 30.67 NOTE
r-devel-linux-x86_64-debian-gcc 1.1.0 2.04 22.03 24.07 NOTE
r-devel-linux-x86_64-fedora-clang 1.1.0 48.52 OK
r-devel-linux-x86_64-fedora-gcc 1.1.0 46.63 OK
r-devel-windows-x86_64 1.1.0 5.00 51.00 56.00 OK
r-patched-linux-x86_64 1.1.0 2.71 27.88 30.59 OK
r-release-linux-x86_64 1.1.0 2.64 27.54 30.18 OK
r-release-macos-arm64 1.1.0 22.00 OK
r-release-macos-x86_64 1.1.0 31.00 OK
r-release-windows-x86_64 1.1.0 5.00 51.00 56.00 OK
r-oldrel-macos-arm64 1.1.0 20.00 OK
r-oldrel-macos-x86_64 1.1.0 28.00 OK
r-oldrel-windows-x86_64 1.1.0 6.00 54.00 60.00 OK

Check Details

Version: 1.1.0
Check: CRAN incoming feasibility
Result: NOTE Maintainer: ‘Beilun Wang <bw4mw@virginia.edu>’ The Description field contains Yanjun Qi (2018) <arXiv:1710.11223>. Please refer to arXiv e-prints via their arXiv DOI <doi:10.48550/arXiv.YYMM.NNNNN>. The BugReports field in DESCRIPTION has https://github.com/QData/DIFFEE which should likely be https://github.com/QData/DIFFEE/issues instead. Flavors: r-devel-linux-x86_64-debian-clang, r-devel-linux-x86_64-debian-gcc

These binaries (installable software) and packages are in development.
They may not be fully stable and should be used with caution. We make no claims about them.