Last updated on 2025-02-21 15:51:47 CET.
Flavor | Version | Tinstall | Tcheck | Ttotal | Status | Flags |
---|---|---|---|---|---|---|
r-devel-linux-x86_64-debian-clang | 0.3.5 | 15.17 | 114.51 | 129.68 | NOTE | |
r-devel-linux-x86_64-debian-gcc | 0.3.5 | 9.66 | 82.32 | 91.98 | NOTE | |
r-devel-linux-x86_64-fedora-clang | 0.3.5 | 208.86 | OK | |||
r-devel-linux-x86_64-fedora-gcc | 0.3.5 | 211.63 | OK | |||
r-devel-macos-arm64 | 0.3.5 | 72.00 | OK | |||
r-devel-macos-x86_64 | 0.3.5 | 151.00 | OK | |||
r-devel-windows-x86_64 | 0.3.5 | 18.00 | 142.00 | 160.00 | NOTE | |
r-patched-linux-x86_64 | 0.3.5 | 15.63 | 105.80 | 121.43 | OK | |
r-release-linux-x86_64 | 0.3.5 | 13.40 | 105.20 | 118.60 | OK | |
r-release-macos-arm64 | 0.3.5 | 79.00 | OK | |||
r-release-macos-x86_64 | 0.3.5 | 108.00 | OK | |||
r-release-windows-x86_64 | 0.3.5 | 18.00 | 140.00 | 158.00 | OK | |
r-oldrel-macos-arm64 | 0.3.5 | 77.00 | OK | |||
r-oldrel-macos-x86_64 | 0.3.5 | 116.00 | OK | |||
r-oldrel-windows-x86_64 | 0.3.5 | 23.00 | 184.00 | 207.00 | OK |
Version: 0.3.5
Check: Rd cross-references
Result: NOTE
Found the following Rd file(s) with Rd \link{} targets missing package
anchors:
diffChr.Rd: style, num_colors
diffCsv.Rd: style, num_colors
diffDeparse.Rd: style, num_colors
diffFile.Rd: style, num_colors
diffPrint.Rd: style, num_colors
diffStr.Rd: style, num_colors
Please provide package anchors for all Rd \link{} targets not in the
package itself and the base packages.
Flavors: r-devel-linux-x86_64-debian-clang, r-devel-linux-x86_64-debian-gcc, r-devel-windows-x86_64
These binaries (installable software) and packages are in development.
They may not be fully stable and should be used with caution. We make no claims about them.