Last updated on 2025-05-01 15:49:29 CEST.
Flavor | Version | Tinstall | Tcheck | Ttotal | Status | Flags |
---|---|---|---|---|---|---|
r-devel-linux-x86_64-debian-clang | 1.2.0 | 6.94 | 74.21 | 81.15 | NOTE | |
r-devel-linux-x86_64-debian-gcc | 1.2.0 | 5.49 | 54.83 | 60.32 | NOTE | |
r-devel-linux-x86_64-fedora-clang | 1.2.0 | 127.50 | OK | |||
r-devel-linux-x86_64-fedora-gcc | 1.2.0 | 124.99 | OK | |||
r-devel-windows-x86_64 | 1.2.0 | 8.00 | 94.00 | 102.00 | OK | |
r-patched-linux-x86_64 | 1.2.0 | 7.44 | 72.70 | 80.14 | OK | |
r-release-linux-x86_64 | OK | |||||
r-release-macos-arm64 | 1.2.0 | 41.00 | OK | |||
r-release-macos-x86_64 | 1.2.0 | 77.00 | OK | |||
r-release-windows-x86_64 | 1.2.0 | 8.00 | 99.00 | 107.00 | OK | |
r-oldrel-macos-arm64 | 1.2.0 | 40.00 | OK | |||
r-oldrel-macos-x86_64 | 1.2.0 | 57.00 | OK | |||
r-oldrel-windows-x86_64 | 1.2.0 | 10.00 | 108.00 | 118.00 | OK |
Version: 1.2.0
Check: DESCRIPTION meta-information
Result: NOTE
Author field differs from that derived from Authors@R
Author: ‘Joseph Richards [aut] (joeyrichar), Robrecht Cannoodt [aut, cre] (<https://orcid.org/0000-0003-3641-729X>, rcannood)’
Authors@R: ‘Joseph Richards [aut] (github: joeyrichar), Robrecht Cannoodt [aut, cre] (ORCID: <https://orcid.org/0000-0003-3641-729X>, github: rcannood)’
Flavors: r-devel-linux-x86_64-debian-clang, r-devel-linux-x86_64-debian-gcc
Version: 1.2.0
Check: examples
Result: NOTE
Examples with CPU (user + system) or elapsed time > 5s
user system elapsed
adapreg.m 5.056 0.123 6.830
adapreg 3.989 0.195 5.146
Flavor: r-devel-linux-x86_64-debian-clang
These binaries (installable software) and packages are in development.
They may not be fully stable and should be used with caution. We make no claims about them.