CRAN Package Check Results for Package diffval

Last updated on 2025-05-08 04:52:03 CEST.

Flavor Version Tinstall Tcheck Ttotal Status Flags
r-devel-linux-x86_64-debian-clang 1.1.0 3.43 35.82 39.25 OK
r-devel-linux-x86_64-debian-gcc 1.1.0 2.73 25.64 28.37 OK
r-devel-linux-x86_64-fedora-clang 1.1.0 62.34 OK
r-devel-linux-x86_64-fedora-gcc 1.1.0 59.75 OK
r-devel-windows-x86_64 1.1.0 4.00 55.00 59.00 OK
r-patched-linux-x86_64 1.1.0 3.95 33.11 37.06 OK
r-release-linux-x86_64 1.1.0 3.79 33.31 37.10 OK
r-release-macos-arm64 1.1.0 22.00 OK
r-release-macos-x86_64 1.1.0 38.00 OK
r-release-windows-x86_64 1.1.0 6.00 57.00 63.00 OK
r-oldrel-macos-arm64 1.1.0 21.00 NOTE
r-oldrel-macos-x86_64 1.1.0 33.00 NOTE
r-oldrel-windows-x86_64 1.1.0 5.00 53.00 58.00 NOTE

Check Details

Version: 1.1.0
Check: package dependencies
Result: NOTE Package suggested but not available for checking: ‘gurobi’ Flavors: r-oldrel-macos-arm64, r-oldrel-macos-x86_64, r-oldrel-windows-x86_64

These binaries (installable software) and packages are in development.
They may not be fully stable and should be used with caution. We make no claims about them.