Last updated on 2025-07-01 15:49:46 CEST.
Flavor | Version | Tinstall | Tcheck | Ttotal | Status | Flags |
---|---|---|---|---|---|---|
r-devel-linux-x86_64-debian-clang | 1.1.0 | 3.71 | 36.58 | 40.29 | OK | |
r-devel-linux-x86_64-debian-gcc | 1.1.0 | 2.43 | 26.46 | 28.89 | OK | |
r-devel-linux-x86_64-fedora-clang | 1.1.0 | 62.33 | OK | |||
r-devel-linux-x86_64-fedora-gcc | 1.1.0 | 59.96 | OK | |||
r-devel-windows-x86_64 | 1.1.0 | 6.00 | 56.00 | 62.00 | OK | |
r-patched-linux-x86_64 | OK | |||||
r-release-linux-x86_64 | 1.1.0 | 3.73 | 33.64 | 37.37 | OK | |
r-release-macos-arm64 | 1.1.0 | 22.00 | OK | |||
r-release-macos-x86_64 | 1.1.0 | 38.00 | OK | |||
r-release-windows-x86_64 | 1.1.0 | 6.00 | 57.00 | 63.00 | OK | |
r-oldrel-macos-arm64 | 1.1.0 | 21.00 | NOTE | |||
r-oldrel-macos-x86_64 | 1.1.0 | 33.00 | NOTE | |||
r-oldrel-windows-x86_64 | 1.1.0 | 5.00 | 53.00 | 58.00 | NOTE |
Version: 1.1.0
Check: package dependencies
Result: NOTE
Package suggested but not available for checking: ‘gurobi’
Flavors: r-oldrel-macos-arm64, r-oldrel-macos-x86_64, r-oldrel-windows-x86_64
These binaries (installable software) and packages are in development.
They may not be fully stable and should be used with caution. We make no claims about them.