Last updated on 2025-11-11 15:50:32 CET.
| Flavor | Version | Tinstall | Tcheck | Ttotal | Status | Flags |
|---|---|---|---|---|---|---|
| r-devel-linux-x86_64-debian-clang | 1.2.0 | 3.62 | 38.47 | 42.09 | OK | |
| r-devel-linux-x86_64-debian-gcc | 1.2.0 | 2.44 | 27.07 | 29.51 | OK | |
| r-devel-linux-x86_64-fedora-clang | 1.2.0 | 65.74 | OK | |||
| r-devel-linux-x86_64-fedora-gcc | 1.2.0 | 61.38 | OK | |||
| r-devel-windows-x86_64 | 1.2.0 | 5.00 | 54.00 | 59.00 | OK | |
| r-patched-linux-x86_64 | 1.2.0 | 3.69 | 35.77 | 39.46 | OK | |
| r-release-linux-x86_64 | 1.2.0 | 3.40 | 34.96 | 38.36 | OK | |
| r-release-macos-arm64 | 1.2.0 | 2.00 | 19.00 | 21.00 | OK | |
| r-release-macos-x86_64 | 1.2.0 | 4.00 | 62.00 | 66.00 | OK | |
| r-release-windows-x86_64 | 1.2.0 | 4.00 | 53.00 | 57.00 | OK | |
| r-oldrel-macos-arm64 | 1.2.0 | 2.00 | 23.00 | 25.00 | NOTE | |
| r-oldrel-macos-x86_64 | 1.2.0 | 3.00 | 68.00 | 71.00 | NOTE | |
| r-oldrel-windows-x86_64 | 1.2.0 | 6.00 | 64.00 | 70.00 | NOTE |
Version: 1.2.0
Check: package dependencies
Result: NOTE
Package suggested but not available for checking: ‘gurobi’
Flavors: r-oldrel-macos-arm64, r-oldrel-macos-x86_64, r-oldrel-windows-x86_64
These binaries (installable software) and packages are in development.
They may not be fully stable and should be used with caution. We make no claims about them.