CRAN Package Check Results for Package diffval

Last updated on 2025-02-16 10:50:44 CET.

Flavor Version Tinstall Tcheck Ttotal Status Flags
r-devel-linux-x86_64-debian-clang 1.1.0 3.23 34.29 37.52 OK
r-devel-linux-x86_64-debian-gcc 1.1.0 2.70 23.78 26.48 OK
r-devel-linux-x86_64-fedora-clang 1.1.0 68.42 OK
r-devel-linux-x86_64-fedora-gcc 1.1.0 60.04 OK
r-devel-macos-arm64 1.1.0 22.00 OK
r-devel-macos-x86_64 1.1.0 38.00 OK
r-devel-windows-x86_64 1.1.0 4.00 63.00 67.00 OK
r-patched-linux-x86_64 1.1.0 3.65 32.33 35.98 NOTE
r-release-linux-x86_64 1.1.0 3.55 32.65 36.20 NOTE
r-release-macos-arm64 1.1.0 21.00 NOTE
r-release-macos-x86_64 1.1.0 33.00 NOTE
r-release-windows-x86_64 1.1.0 5.00 53.00 58.00 NOTE
r-oldrel-macos-arm64 1.1.0 22.00 NOTE
r-oldrel-macos-x86_64 1.1.0 32.00 NOTE
r-oldrel-windows-x86_64 1.1.0 5.00 58.00 63.00 NOTE

Check Details

Version: 1.1.0
Check: package dependencies
Result: NOTE Package suggested but not available for checking: ‘gurobi’ Flavors: r-patched-linux-x86_64, r-release-linux-x86_64, r-release-macos-arm64, r-release-macos-x86_64, r-release-windows-x86_64, r-oldrel-macos-arm64, r-oldrel-macos-x86_64, r-oldrel-windows-x86_64

These binaries (installable software) and packages are in development.
They may not be fully stable and should be used with caution. We make no claims about them.