Last updated on 2025-05-01 12:49:26 CEST.
Flavor | Version | Tinstall | Tcheck | Ttotal | Status | Flags |
---|---|---|---|---|---|---|
r-devel-linux-x86_64-debian-clang | 0.6.37 | 12.44 | 28.70 | 41.14 | NOTE | |
r-devel-linux-x86_64-debian-gcc | 0.6.37 | 10.04 | 22.47 | 32.51 | NOTE | |
r-devel-linux-x86_64-fedora-clang | 0.6.37 | 62.49 | OK | |||
r-devel-linux-x86_64-fedora-gcc | 0.6.37 | 77.26 | OK | |||
r-devel-windows-x86_64 | 0.6.37 | 24.00 | 57.00 | 81.00 | OK | |
r-patched-linux-x86_64 | 0.6.37 | 11.75 | 26.12 | 37.87 | NOTE | |
r-release-linux-x86_64 | NOTE | |||||
r-release-macos-arm64 | 0.6.37 | 31.00 | OK | |||
r-release-macos-x86_64 | 0.6.37 | 51.00 | OK | |||
r-release-windows-x86_64 | 0.6.37 | 26.00 | 61.00 | 87.00 | OK | |
r-oldrel-macos-arm64 | 0.6.37 | 56.00 | OK | |||
r-oldrel-macos-x86_64 | 0.6.37 | 118.00 | OK | |||
r-oldrel-windows-x86_64 | 0.6.37 | 27.00 | 55.00 | 82.00 | OK |
Version: 0.6.37
Check: for unstated dependencies in ‘demo’
Result: NOTE
'::' or ':::' import not declared from: ‘rbenchmark’
Flavors: r-devel-linux-x86_64-debian-clang, r-devel-linux-x86_64-debian-gcc, r-patched-linux-x86_64, r-release-linux-x86_64
These binaries (installable software) and packages are in development.
They may not be fully stable and should be used with caution. We make no claims about them.