Last updated on 2025-11-11 15:50:32 CET.
| Flavor | Version | Tinstall | Tcheck | Ttotal | Status | Flags |
|---|---|---|---|---|---|---|
| r-devel-linux-x86_64-debian-clang | 0.6.37 | 11.25 | 31.48 | 42.73 | NOTE | |
| r-devel-linux-x86_64-debian-gcc | 0.6.37 | 9.78 | 24.42 | 34.20 | NOTE | |
| r-devel-linux-x86_64-fedora-clang | 0.6.37 | 25.00 | 38.96 | 63.96 | OK | |
| r-devel-linux-x86_64-fedora-gcc | 0.6.37 | 26.00 | 52.49 | 78.49 | OK | |
| r-devel-windows-x86_64 | 0.6.37 | 26.00 | 51.00 | 77.00 | OK | |
| r-patched-linux-x86_64 | 0.6.37 | 12.02 | 28.07 | 40.09 | NOTE | |
| r-release-linux-x86_64 | 0.6.37 | 11.43 | 27.57 | 39.00 | NOTE | |
| r-release-macos-arm64 | 0.6.37 | 7.00 | 24.00 | 31.00 | OK | |
| r-release-macos-x86_64 | 0.6.37 | 8.00 | 43.00 | 51.00 | OK | |
| r-release-windows-x86_64 | 0.6.37 | 27.00 | 51.00 | 78.00 | OK | |
| r-oldrel-macos-arm64 | 0.6.37 | 6.00 | 50.00 | 56.00 | OK | |
| r-oldrel-macos-x86_64 | 0.6.37 | 24.00 | 94.00 | 118.00 | OK | |
| r-oldrel-windows-x86_64 | 0.6.37 | 28.00 | 57.00 | 85.00 | OK |
Version: 0.6.37
Check: for unstated dependencies in ‘demo’
Result: NOTE
'::' or ':::' import not declared from: ‘rbenchmark’
Flavors: r-devel-linux-x86_64-debian-clang, r-devel-linux-x86_64-debian-gcc, r-patched-linux-x86_64, r-release-linux-x86_64
These binaries (installable software) and packages are in development.
They may not be fully stable and should be used with caution. We make no claims about them.