Last updated on 2025-02-19 16:50:46 CET.
Flavor | Version | Tinstall | Tcheck | Ttotal | Status | Flags |
---|---|---|---|---|---|---|
r-devel-linux-x86_64-debian-clang | 0.0.4 | 1.76 | 18.89 | 20.65 | OK | |
r-devel-linux-x86_64-debian-gcc | 0.0.4 | 1.53 | 14.93 | 16.46 | OK | |
r-devel-linux-x86_64-fedora-clang | 0.0.4 | 32.65 | OK | |||
r-devel-linux-x86_64-fedora-gcc | 0.0.4 | 48.62 | OK | |||
r-devel-macos-arm64 | 0.0.4 | 21.00 | OK | |||
r-devel-macos-x86_64 | 0.0.4 | 41.00 | OK | |||
r-devel-windows-x86_64 | 0.0.4 | 3.00 | 43.00 | 46.00 | OK | |
r-patched-linux-x86_64 | 0.0.4 | 1.83 | 17.91 | 19.74 | OK | |
r-release-linux-x86_64 | 0.0.4 | 1.51 | 17.74 | 19.25 | OK | |
r-release-macos-arm64 | 0.0.4 | 21.00 | OK | |||
r-release-macos-x86_64 | 0.0.4 | 31.00 | OK | |||
r-release-windows-x86_64 | 0.0.4 | 3.00 | 3.00 | 6.00 | FAIL | |
r-oldrel-macos-arm64 | 0.0.4 | 28.00 | OK | |||
r-oldrel-macos-x86_64 | 0.0.4 | 31.00 | OK | |||
r-oldrel-windows-x86_64 | 0.0.4 | 3.00 | 49.00 | 52.00 | OK |
Version: 0.0.4
Check: package dependencies
Result: FAIL
Flavor: r-release-windows-x86_64
These binaries (installable software) and packages are in development.
They may not be fully stable and should be used with caution. We make no claims about them.