CRAN Package Check Results for Package digitize

Last updated on 2025-10-03 13:49:30 CEST.

Flavor Version Tinstall Tcheck Ttotal Status Flags
r-devel-linux-x86_64-debian-clang 0.0.4 1.71 20.84 22.55 NOTE
r-devel-linux-x86_64-debian-gcc 0.0.4 1.48 16.82 18.30 NOTE
r-devel-linux-x86_64-fedora-clang 0.0.4 35.47 OK
r-devel-linux-x86_64-fedora-gcc 0.0.4 50.29 OK
r-devel-windows-x86_64 0.0.4 3.00 41.00 44.00 OK
r-patched-linux-x86_64 0.0.4 1.82 19.59 21.41 OK
r-release-linux-x86_64 0.0.4 1.35 19.69 21.04 OK
r-release-macos-arm64 0.0.4 29.00 OK
r-release-macos-x86_64 0.0.4 43.00 OK
r-release-windows-x86_64 0.0.4 3.00 42.00 45.00 OK
r-oldrel-macos-arm64 0.0.4 21.00 OK
r-oldrel-macos-x86_64 0.0.4 31.00 OK
r-oldrel-windows-x86_64 0.0.4 4.00 45.00 49.00 OK

Check Details

Version: 0.0.4
Check: CRAN incoming feasibility
Result: NOTE Maintainer: ‘Jaime Ashander <jashander@ucdavis.edu>’ Package CITATION file contains call(s) to old-style personList() or as.personList(). Please use c() on person objects instead. Package CITATION file contains call(s) to old-style citEntry(). Please use bibentry() instead. Flavors: r-devel-linux-x86_64-debian-clang, r-devel-linux-x86_64-debian-gcc

These binaries (installable software) and packages are in development.
They may not be fully stable and should be used with caution. We make no claims about them.