CRAN Package Check Results for Package dimensio

Last updated on 2025-10-23 17:50:46 CEST.

Flavor Version Tinstall Tcheck Ttotal Status Flags
r-devel-linux-x86_64-debian-clang 0.14.1 6.91 67.91 74.82 NOTE
r-devel-linux-x86_64-debian-gcc 0.14.1 5.28 48.38 53.66 OK
r-devel-linux-x86_64-fedora-clang 0.14.1 24.00 89.01 113.01 OK
r-devel-linux-x86_64-fedora-gcc 0.14.1 16.00 101.27 117.27 OK
r-devel-windows-x86_64 0.14.1 8.00 89.00 97.00 OK
r-patched-linux-x86_64 0.14.1 9.47 63.18 72.65 OK
r-release-linux-x86_64 0.14.1 5.65 63.08 68.73 OK
r-release-macos-arm64 0.14.1 3.00 38.00 41.00 OK
r-release-macos-x86_64 0.14.1 7.00 109.00 116.00 OK
r-release-windows-x86_64 0.14.1 14.00 92.00 106.00 OK
r-oldrel-macos-arm64 0.14.1 3.00 42.00 45.00 OK
r-oldrel-macos-x86_64 0.14.1 6.00 99.00 105.00 OK
r-oldrel-windows-x86_64 0.14.1 13.00 103.00 116.00 OK

Check Details

Version: 0.14.1
Check: HTML version of manual
Result: NOTE Found the following HTML validation problems: dimensio-defunct.html:58:1 (dimensio-defunct.Rd:29): Warning: missing </ul> before </div> Flavor: r-devel-linux-x86_64-debian-clang

These binaries (installable software) and packages are in development.
They may not be fully stable and should be used with caution. We make no claims about them.