CRAN Package Check Results for Package dina

Last updated on 2025-07-02 03:50:39 CEST.

Flavor Version Tinstall Tcheck Ttotal Status Flags
r-devel-linux-x86_64-debian-clang 2.0.0 19.64 25.72 45.36 NOTE
r-devel-linux-x86_64-debian-gcc 2.0.0 15.84 20.93 36.77 NOTE
r-devel-linux-x86_64-fedora-clang 2.0.0 82.53 NOTE
r-devel-linux-x86_64-fedora-gcc 2.0.0 75.18 NOTE
r-devel-windows-x86_64 2.0.0 28.00 61.00 89.00 NOTE
r-patched-linux-x86_64 NOTE
r-release-linux-x86_64 2.0.0 23.18 23.47 46.65 NOTE
r-release-macos-arm64 2.0.0 27.00 NOTE
r-release-macos-x86_64 2.0.0 40.00 NOTE
r-release-windows-x86_64 2.0.0 28.00 64.00 92.00 NOTE
r-oldrel-macos-arm64 2.0.0 26.00 NOTE
r-oldrel-macos-x86_64 2.0.0 34.00 NOTE
r-oldrel-windows-x86_64 2.0.0 26.00 71.00 97.00 NOTE

Check Details

Version: 2.0.0
Check: CRAN incoming feasibility
Result: NOTE Maintainer: ‘James Joseph Balamuta <balamut2@illinois.edu>’ Package CITATION file contains call(s) to old-style personList() or as.personList(). Please use c() on person objects instead. Package CITATION file contains call(s) to old-style citEntry(). Please use bibentry() instead. Flavors: r-devel-linux-x86_64-debian-clang, r-devel-linux-x86_64-debian-gcc

Version: 2.0.0
Check: C++ specification
Result: NOTE Specified C++11: please drop specification unless essential Flavors: r-devel-linux-x86_64-debian-clang, r-devel-linux-x86_64-debian-gcc, r-devel-linux-x86_64-fedora-clang, r-devel-linux-x86_64-fedora-gcc, r-devel-windows-x86_64, r-patched-linux-x86_64, r-release-linux-x86_64, r-release-macos-arm64, r-release-macos-x86_64, r-release-windows-x86_64, r-oldrel-macos-arm64, r-oldrel-macos-x86_64, r-oldrel-windows-x86_64

These binaries (installable software) and packages are in development.
They may not be fully stable and should be used with caution. We make no claims about them.