Last updated on 2025-05-28 21:50:03 CEST.
Flavor | Version | Tinstall | Tcheck | Ttotal | Status | Flags |
---|---|---|---|---|---|---|
r-devel-linux-x86_64-debian-clang | 2.0.0 | 20.41 | 25.25 | 45.66 | NOTE | |
r-devel-linux-x86_64-debian-gcc | 2.0.0 | 16.09 | 21.16 | 37.25 | NOTE | |
r-devel-linux-x86_64-fedora-clang | 2.0.0 | 81.80 | NOTE | |||
r-devel-linux-x86_64-fedora-gcc | 2.0.0 | 73.67 | NOTE | |||
r-devel-windows-x86_64 | 2.0.0 | 27.00 | 60.00 | 87.00 | NOTE | |
r-patched-linux-x86_64 | 2.0.0 | 22.61 | 23.25 | 45.86 | NOTE | |
r-release-linux-x86_64 | 2.0.0 | 24.56 | 23.32 | 47.88 | NOTE | |
r-release-macos-arm64 | 2.0.0 | 27.00 | NOTE | |||
r-release-macos-x86_64 | 2.0.0 | 40.00 | NOTE | |||
r-release-windows-x86_64 | 2.0.0 | 26.00 | 67.00 | 93.00 | NOTE | |
r-oldrel-macos-arm64 | 2.0.0 | 26.00 | NOTE | |||
r-oldrel-macos-x86_64 | 2.0.0 | 34.00 | NOTE | |||
r-oldrel-windows-x86_64 | 2.0.0 | 32.00 | 73.00 | 105.00 | NOTE |
Version: 2.0.0
Check: CRAN incoming feasibility
Result: NOTE
Maintainer: ‘James Joseph Balamuta <balamut2@illinois.edu>’
Package CITATION file contains call(s) to old-style personList() or
as.personList(). Please use c() on person objects instead.
Package CITATION file contains call(s) to old-style citEntry(). Please
use bibentry() instead.
Flavors: r-devel-linux-x86_64-debian-clang, r-devel-linux-x86_64-debian-gcc
Version: 2.0.0
Check: C++ specification
Result: NOTE
Specified C++11: please drop specification unless essential
Flavors: r-devel-linux-x86_64-debian-clang, r-devel-linux-x86_64-debian-gcc, r-devel-linux-x86_64-fedora-clang, r-devel-linux-x86_64-fedora-gcc, r-devel-windows-x86_64, r-patched-linux-x86_64, r-release-linux-x86_64, r-release-macos-arm64, r-release-macos-x86_64, r-release-windows-x86_64, r-oldrel-macos-arm64, r-oldrel-macos-x86_64, r-oldrel-windows-x86_64
These binaries (installable software) and packages are in development.
They may not be fully stable and should be used with caution. We make no claims about them.