Last updated on 2025-02-16 10:50:44 CET.
Flavor | Version | Tinstall | Tcheck | Ttotal | Status | Flags |
---|---|---|---|---|---|---|
r-devel-linux-x86_64-debian-clang | 2.0.0 | 18.93 | 23.37 | 42.30 | NOTE | |
r-devel-linux-x86_64-debian-gcc | 2.0.0 | 15.08 | 19.12 | 34.20 | NOTE | |
r-devel-linux-x86_64-fedora-clang | 2.0.0 | 87.91 | NOTE | |||
r-devel-linux-x86_64-fedora-gcc | 2.0.0 | 84.39 | NOTE | |||
r-devel-macos-arm64 | 2.0.0 | 26.00 | NOTE | |||
r-devel-macos-x86_64 | 2.0.0 | 40.00 | NOTE | |||
r-devel-windows-x86_64 | 2.0.0 | 25.00 | 69.00 | 94.00 | NOTE | |
r-patched-linux-x86_64 | 2.0.0 | 22.75 | 22.54 | 45.29 | NOTE | |
r-release-linux-x86_64 | 2.0.0 | 17.92 | 22.48 | 40.40 | NOTE | |
r-release-macos-arm64 | 2.0.0 | 26.00 | NOTE | |||
r-release-macos-x86_64 | 2.0.0 | 34.00 | NOTE | |||
r-release-windows-x86_64 | 2.0.0 | 24.00 | 66.00 | 90.00 | NOTE | |
r-oldrel-macos-arm64 | 2.0.0 | 30.00 | NOTE | |||
r-oldrel-macos-x86_64 | 2.0.0 | 42.00 | NOTE | |||
r-oldrel-windows-x86_64 | 2.0.0 | 30.00 | 73.00 | 103.00 | NOTE |
Version: 2.0.0
Check: C++ specification
Result: NOTE
Specified C++11: please drop specification unless essential
Flavors: r-devel-linux-x86_64-debian-clang, r-devel-linux-x86_64-debian-gcc, r-devel-linux-x86_64-fedora-clang, r-devel-linux-x86_64-fedora-gcc, r-devel-macos-arm64, r-devel-macos-x86_64, r-devel-windows-x86_64, r-patched-linux-x86_64, r-release-linux-x86_64, r-release-macos-arm64, r-release-macos-x86_64, r-release-windows-x86_64, r-oldrel-macos-arm64, r-oldrel-macos-x86_64, r-oldrel-windows-x86_64
These binaries (installable software) and packages are in development.
They may not be fully stable and should be used with caution. We make no claims about them.