Last updated on 2025-10-23 11:50:11 CEST.
Flavor | Version | Tinstall | Tcheck | Ttotal | Status | Flags |
---|---|---|---|---|---|---|
r-devel-linux-x86_64-debian-clang | 2.1.5 | 3.84 | 66.93 | 70.77 | NOTE | |
r-devel-linux-x86_64-debian-gcc | 2.1.5 | 2.64 | 47.83 | 50.47 | OK | |
r-devel-linux-x86_64-fedora-clang | 2.1.5 | 109.01 | OK | |||
r-devel-linux-x86_64-fedora-gcc | 2.1.5 | 118.33 | OK | |||
r-devel-windows-x86_64 | 2.1.5 | 6.00 | 81.00 | 87.00 | OK | |
r-patched-linux-x86_64 | 2.1.5 | 4.05 | 64.07 | 68.12 | OK | |
r-release-linux-x86_64 | 2.1.5 | 3.88 | 63.24 | 67.12 | OK | |
r-release-macos-arm64 | 2.1.5 | 2.00 | 34.00 | 36.00 | OK | |
r-release-macos-x86_64 | 2.1.5 | 4.00 | 65.00 | 69.00 | OK | |
r-release-windows-x86_64 | 2.1.5 | 7.00 | 83.00 | 90.00 | OK | |
r-oldrel-macos-arm64 | 2.1.5 | 2.00 | 57.00 | 59.00 | OK | |
r-oldrel-macos-x86_64 | 2.1.5 | 3.00 | 103.00 | 106.00 | OK | |
r-oldrel-windows-x86_64 | 2.1.5 | 8.00 | 99.00 | 107.00 | OK |
Version: 2.1.5
Check: HTML version of manual
Result: NOTE
Found the following HTML validation problems:
day_of_isoyear.html:72:1 (day_of_isoyear.Rd:37): Warning: missing </ul> before </div>
Flavor: r-devel-linux-x86_64-debian-clang
These binaries (installable software) and packages are in development.
They may not be fully stable and should be used with caution. We make no claims about them.