Last updated on 2025-02-16 10:50:44 CET.
Flavor | Version | Tinstall | Tcheck | Ttotal | Status | Flags |
---|---|---|---|---|---|---|
r-devel-linux-x86_64-debian-clang | 1.9 | 13.40 | 75.28 | 88.68 | NOTE | |
r-devel-linux-x86_64-debian-gcc | 1.9 | 9.02 | 55.36 | 64.38 | OK | |
r-devel-linux-x86_64-fedora-clang | 1.9 | 149.73 | NOTE | |||
r-devel-linux-x86_64-fedora-gcc | 1.9 | 131.38 | OK | |||
r-devel-macos-arm64 | 1.9 | 42.00 | OK | |||
r-devel-macos-x86_64 | 1.9 | 84.00 | OK | |||
r-devel-windows-x86_64 | 1.9 | 17.00 | 91.00 | 108.00 | OK | |
r-patched-linux-x86_64 | 1.9 | 13.14 | 70.73 | 83.87 | OK | |
r-release-linux-x86_64 | 1.9 | 10.73 | 69.87 | 80.60 | OK | |
r-release-macos-arm64 | 1.9 | 41.00 | OK | |||
r-release-macos-x86_64 | 1.9 | 62.00 | OK | |||
r-release-windows-x86_64 | 1.9 | 17.00 | 89.00 | 106.00 | OK | |
r-oldrel-macos-arm64 | 1.9 | 48.00 | OK | |||
r-oldrel-macos-x86_64 | 1.9 | 76.00 | OK | |||
r-oldrel-windows-x86_64 | 1.9 | 19.00 | 103.00 | 122.00 | OK |
Version: 1.9
Check: differences from ‘dipm-Ex.Rout’ to ‘dipm-Ex.Rout.save’
Result: NOTE
62,63d61
< OMP: Warning #96: Cannot form a team with 32 threads, using 3 instead.
< OMP: Hint Consider unsetting KMP_DEVICE_THREAD_LIMIT (KMP_ALL_THREADS), KMP_TEAMS_THREAD_LIMIT, and OMP_THREAD_LIMIT (if any are set).
Flavor: r-devel-linux-x86_64-debian-clang
Version: 1.9
Check: differences from ‘dipm-Ex.Rout’ to ‘dipm-Ex.Rout.save’
Result: NOTE
62,63d61
< OMP: Warning #96: Cannot form a team with 24 threads, using 2 instead.
< OMP: Hint Consider unsetting KMP_DEVICE_THREAD_LIMIT (KMP_ALL_THREADS), KMP_TEAMS_THREAD_LIMIT, and OMP_THREAD_LIMIT (if any are set).
Flavor: r-devel-linux-x86_64-fedora-clang
These binaries (installable software) and packages are in development.
They may not be fully stable and should be used with caution. We make no claims about them.