Last updated on 2025-11-13 01:50:18 CET.
| Flavor | Version | Tinstall | Tcheck | Ttotal | Status | Flags |
|---|---|---|---|---|---|---|
| r-devel-linux-x86_64-debian-clang | 1.12 | 12.98 | 87.36 | 100.34 | OK | |
| r-devel-linux-x86_64-debian-gcc | 1.12 | 9.95 | 62.28 | 72.23 | OK | |
| r-devel-linux-x86_64-fedora-clang | 1.12 | 70.00 | 98.34 | 168.34 | OK | |
| r-devel-linux-x86_64-fedora-gcc | 1.12 | 29.00 | 123.73 | 152.73 | OK | |
| r-devel-windows-x86_64 | 1.11 | 19.00 | 93.00 | 112.00 | NOTE | |
| r-patched-linux-x86_64 | 1.12 | 13.73 | 83.62 | 97.35 | OK | |
| r-release-linux-x86_64 | 1.11 | 13.84 | 84.12 | 97.96 | NOTE | |
| r-release-macos-arm64 | 1.12 | 7.00 | 37.00 | 44.00 | OK | |
| r-release-macos-x86_64 | 1.12 | 17.00 | 80.00 | 97.00 | OK | |
| r-release-windows-x86_64 | 1.12 | 22.00 | 99.00 | 121.00 | OK | |
| r-oldrel-macos-arm64 | 1.12 | 7.00 | 45.00 | 52.00 | OK | |
| r-oldrel-macos-x86_64 | 1.12 | 18.00 | 99.00 | 117.00 | OK | |
| r-oldrel-windows-x86_64 | 1.12 | 24.00 | 119.00 | 143.00 | OK |
Version: 1.11
Check: differences from ‘dipm-Ex.Rout’ to ‘dipm-Ex.Rout.save’
Result: NOTE
151,155d150
< Warning: `aes_string()` was deprecated in ggplot2 3.0.0.
< ℹ Please use tidy evaluation idioms with `aes()`.
< ℹ See also `vignette("ggplot2-in-packages")` for more information.
< ℹ The deprecated feature was likely used in the dipm package.
< Please report the issue to the authors.
Flavors: r-devel-windows-x86_64, r-release-linux-x86_64
These binaries (installable software) and packages are in development.
They may not be fully stable and should be used with caution. We make no claims about them.