Last updated on 2025-07-03 03:49:39 CEST.
Flavor | Version | Tinstall | Tcheck | Ttotal | Status | Flags |
---|---|---|---|---|---|---|
r-devel-linux-x86_64-debian-clang | 0.3.1 | 47.28 | 80.17 | 127.45 | NOTE | |
r-devel-linux-x86_64-debian-gcc | 0.3.1 | 32.01 | 60.06 | 92.07 | NOTE | |
r-devel-linux-x86_64-fedora-clang | 0.3.1 | 218.69 | NOTE | |||
r-devel-linux-x86_64-fedora-gcc | 0.3.1 | 218.71 | NOTE | |||
r-devel-windows-x86_64 | 0.3.1 | 61.00 | 136.00 | 197.00 | NOTE | |
r-patched-linux-x86_64 | 0.3.1 | 49.34 | 76.34 | 125.68 | NOTE | |
r-release-linux-x86_64 | 0.3.1 | 45.69 | 75.17 | 120.86 | NOTE | |
r-release-macos-arm64 | 0.3.1 | 68.00 | NOTE | |||
r-release-macos-x86_64 | 0.3.1 | 112.00 | NOTE | |||
r-release-windows-x86_64 | 0.3.1 | 64.00 | 140.00 | 204.00 | NOTE | |
r-oldrel-macos-arm64 | 0.3.1 | 69.00 | OK | |||
r-oldrel-macos-x86_64 | 0.3.1 | 114.00 | OK | |||
r-oldrel-windows-x86_64 | 0.3.1 | 76.00 | 161.00 | 237.00 | OK |
Version: 0.3.1
Check: compiled code
Result: NOTE
File ‘dipsaus/libs/dipsaus.so’:
Found non-API calls to R: ‘CLOENV’, ‘ENCLOS’
Compiled code should not call non-API entry points in R.
See ‘Writing portable packages’ in the ‘Writing R Extensions’ manual,
and section ‘Moving into C API compliance’ for issues with the use of
non-API entry points.
Flavors: r-devel-linux-x86_64-debian-clang, r-devel-linux-x86_64-debian-gcc, r-devel-linux-x86_64-fedora-clang, r-devel-linux-x86_64-fedora-gcc, r-patched-linux-x86_64, r-release-linux-x86_64, r-release-macos-arm64, r-release-macos-x86_64
Version: 0.3.1
Check: compiled code
Result: NOTE
File 'dipsaus/libs/x64/dipsaus.dll':
Found non-API calls to R: 'CLOENV', 'ENCLOS'
Compiled code should not call non-API entry points in R.
See 'Writing portable packages' in the 'Writing R Extensions' manual,
and section 'Moving into C API compliance' for issues with the use of
non-API entry points.
Flavors: r-devel-windows-x86_64, r-release-windows-x86_64
These binaries (installable software) and packages are in development.
They may not be fully stable and should be used with caution. We make no claims about them.