CRAN Package Check Results for Package dipw

Last updated on 2025-11-13 01:50:18 CET.

Flavor Version Tinstall Tcheck Ttotal Status Flags
r-devel-linux-x86_64-debian-clang 0.1.0 6.15 56.09 62.24 NOTE
r-devel-linux-x86_64-debian-gcc 0.1.0 5.03 43.88 48.91 NOTE
r-devel-linux-x86_64-fedora-clang 0.1.0 14.00 81.52 95.52 OK
r-devel-linux-x86_64-fedora-gcc 0.1.0 14.00 76.74 90.74 OK
r-devel-windows-x86_64 0.1.0 8.00 65.00 73.00 OK
r-patched-linux-x86_64 0.1.0 6.16 53.73 59.89 OK
r-release-linux-x86_64 0.1.0 6.90 54.71 61.61 OK
r-release-macos-arm64 0.1.0 4.00 32.00 36.00 OK
r-release-macos-x86_64 0.1.0 7.00 54.00 61.00 OK
r-release-windows-x86_64 0.1.0 7.00 64.00 71.00 OK
r-oldrel-macos-arm64 0.1.0 3.00 25.00 28.00 OK
r-oldrel-macos-x86_64 0.1.0 8.00 42.00 50.00 OK
r-oldrel-windows-x86_64 0.1.0 10.00 80.00 90.00 OK

Check Details

Version: 0.1.0
Check: CRAN incoming feasibility
Result: NOTE Maintainer: ‘Yuhao Wang <yuhaow.thu@gmail.com>’ The Description field contains High-Dimensional Confounders" <arXiv:2011.08661>. The package relies on Please refer to arXiv e-prints via their arXiv DOI <doi:10.48550/arXiv.YYMM.NNNNN>. Flavors: r-devel-linux-x86_64-debian-clang, r-devel-linux-x86_64-debian-gcc

These binaries (installable software) and packages are in development.
They may not be fully stable and should be used with caution. We make no claims about them.