CRAN Package Check Results for Package directPA

Last updated on 2025-07-05 15:49:59 CEST.

Flavor Version Tinstall Tcheck Ttotal Status Flags
r-devel-linux-x86_64-debian-clang 1.5.1 2.44 31.01 33.45 NOTE
r-devel-linux-x86_64-debian-gcc 1.5.1 1.90 24.63 26.53 NOTE
r-devel-linux-x86_64-fedora-clang 1.5.1 50.38 OK
r-devel-linux-x86_64-fedora-gcc 1.5.1 47.17 OK
r-devel-windows-x86_64 1.5.1 4.00 51.00 55.00 OK
r-patched-linux-x86_64 1.5.1 2.19 28.98 31.17 OK
r-release-linux-x86_64 1.5.1 2.09 28.55 30.64 OK
r-release-macos-arm64 1.5.1 22.00 OK
r-release-macos-x86_64 1.5.1 32.00 OK
r-release-windows-x86_64 1.5.1 3.00 52.00 55.00 OK
r-oldrel-macos-arm64 1.5.1 22.00 OK
r-oldrel-macos-x86_64 1.5.1 31.00 OK
r-oldrel-windows-x86_64 1.5.1 5.00 58.00 63.00 OK

Check Details

Version: 1.5.1
Check: CRAN incoming feasibility
Result: NOTE Maintainer: ‘Pengyi Yang <yangpy7@gmail.com>’ No Authors@R field in DESCRIPTION. Please add one, modifying Authors@R: c(person(given = c("Pengyi", "Yang", "&", "Ellis"), family = "Patrick", role = "aut"), person(given = "Pengyi", family = "Yang", role = "cre", email = "yangpy7@gmail.com")) as necessary. Flavors: r-devel-linux-x86_64-debian-clang, r-devel-linux-x86_64-debian-gcc

These binaries (installable software) and packages are in development.
They may not be fully stable and should be used with caution. We make no claims about them.