CRAN Package Check Results for Package directotree

Last updated on 2025-10-23 17:50:46 CEST.

Flavor Version Tinstall Tcheck Ttotal Status Flags
r-devel-linux-x86_64-debian-clang 1.0.0 2.80 25.48 28.28 OK
r-devel-linux-x86_64-debian-gcc 1.0.0 1.92 20.01 21.93 OK
r-devel-linux-x86_64-fedora-clang 1.0.0 43.06 OK
r-devel-linux-x86_64-fedora-gcc 1.0.0 39.96 OK
r-devel-windows-x86_64 1.0.0 5.00 42.00 47.00 OK
r-patched-linux-x86_64 1.0.0 2.37 24.25 26.62 OK
r-release-linux-x86_64 1.0.0 2.44 24.38 26.82 OK
r-release-macos-arm64 1.0.0 2.00 19.00 21.00 OK
r-release-macos-x86_64 1.0.0 2.00 25.00 27.00 OK
r-release-windows-x86_64 1.0.0 5.00 45.00 50.00 OK
r-oldrel-macos-arm64 1.0.0 2.00 18.00 20.00 NOTE
r-oldrel-macos-x86_64 1.0.0 2.00 30.00 32.00 NOTE
r-oldrel-windows-x86_64 1.0.0 6.00 51.00 57.00 NOTE

Check Details

Version: 1.0.0
Check: LazyData
Result: NOTE 'LazyData' is specified without a 'data' directory Flavors: r-oldrel-macos-arm64, r-oldrel-macos-x86_64, r-oldrel-windows-x86_64

These binaries (installable software) and packages are in development.
They may not be fully stable and should be used with caution. We make no claims about them.