Last updated on 2025-07-25 00:49:21 CEST.
Flavor | Version | Tinstall | Tcheck | Ttotal | Status | Flags |
---|---|---|---|---|---|---|
r-devel-linux-x86_64-debian-clang | 0.4.0 | 91.60 | 294.37 | 385.97 | OK | |
r-devel-linux-x86_64-debian-gcc | 0.4.0 | 80.82 | 194.95 | 275.77 | OK | |
r-devel-linux-x86_64-fedora-clang | 0.4.0 | 606.21 | OK | |||
r-devel-linux-x86_64-fedora-gcc | 0.4.0 | 667.98 | OK | |||
r-devel-windows-x86_64 | 0.4.0 | 99.00 | 286.00 | 385.00 | OK | |
r-patched-linux-x86_64 | 0.4.0 | 107.80 | 289.23 | 397.03 | OK | |
r-release-linux-x86_64 | 0.4.0 | 103.36 | 296.81 | 400.17 | OK | |
r-release-macos-arm64 | 0.4.0 | 413.00 | OK | |||
r-release-macos-x86_64 | 0.4.0 | 881.00 | OK | |||
r-release-windows-x86_64 | 0.4.0 | 98.00 | 284.00 | 382.00 | OK | |
r-oldrel-macos-arm64 | 0.4.0 | 290.00 | NOTE | |||
r-oldrel-macos-x86_64 | 0.4.0 | 484.00 | NOTE | |||
r-oldrel-windows-x86_64 | 0.4.0 | 116.00 | 382.00 | 498.00 | NOTE |
Version: 0.4.0
Check: installed package size
Result: NOTE
installed size is 48.1Mb
sub-directories of 1Mb or more:
libs 47.5Mb
Flavors: r-oldrel-macos-arm64, r-oldrel-macos-x86_64, r-oldrel-windows-x86_64
These binaries (installable software) and packages are in development.
They may not be fully stable and should be used with caution. We make no claims about them.