Last updated on 2025-11-12 19:51:46 CET.
| Flavor | Version | Tinstall | Tcheck | Ttotal | Status | Flags |
|---|---|---|---|---|---|---|
| r-devel-linux-x86_64-debian-clang | 0.4.1 | 94.06 | 631.95 | 726.01 | OK | |
| r-devel-linux-x86_64-debian-gcc | 0.4.1 | 80.45 | 417.23 | 497.68 | OK | |
| r-devel-linux-x86_64-fedora-clang | 0.4.1 | 175.00 | 925.66 | 1100.66 | OK | |
| r-devel-linux-x86_64-fedora-gcc | 0.4.1 | 254.00 | 967.04 | 1221.04 | OK | |
| r-devel-windows-x86_64 | 0.4.1 | 98.00 | 604.00 | 702.00 | OK | |
| r-patched-linux-x86_64 | 0.4.1 | 105.20 | 618.09 | 723.29 | OK | |
| r-release-linux-x86_64 | 0.4.1 | 106.69 | 611.30 | 717.99 | OK | |
| r-release-macos-arm64 | 0.4.1 | 35.00 | 287.00 | 322.00 | OK | |
| r-release-macos-x86_64 | 0.4.1 | 112.00 | 640.00 | 752.00 | OK | |
| r-release-windows-x86_64 | 0.4.1 | 96.00 | 589.00 | 685.00 | OK | |
| r-oldrel-macos-arm64 | 0.4.1 | 36.00 | 285.00 | 321.00 | NOTE | |
| r-oldrel-macos-x86_64 | 0.4.1 | 107.00 | 574.00 | 681.00 | NOTE | |
| r-oldrel-windows-x86_64 | 0.4.1 | 120.00 | 802.00 | 922.00 | NOTE |
Version: 0.4.1
Check: installed package size
Result: NOTE
installed size is 48.2Mb
sub-directories of 1Mb or more:
libs 47.6Mb
Flavors: r-oldrel-macos-arm64, r-oldrel-macos-x86_64, r-oldrel-windows-x86_64
These binaries (installable software) and packages are in development.
They may not be fully stable and should be used with caution. We make no claims about them.