CRAN Package Check Results for Package disaggregation

Last updated on 2025-05-01 12:49:26 CEST.

Flavor Version Tinstall Tcheck Ttotal Status Flags
r-devel-linux-x86_64-debian-clang 0.4.0 91.78 775.50 867.28 NOTE
r-devel-linux-x86_64-debian-gcc 0.4.0 79.17 514.60 593.77 OK
r-devel-linux-x86_64-fedora-clang 0.4.0 1397.20 OK
r-devel-linux-x86_64-fedora-gcc 0.4.0 1541.29 OK
r-devel-windows-x86_64 0.4.0 95.00 716.00 811.00 OK
r-patched-linux-x86_64 0.4.0 104.75 770.97 875.72 OK
r-release-linux-x86_64 OK
r-release-macos-arm64 0.4.0 413.00 OK
r-release-macos-x86_64 0.4.0 881.00 OK
r-release-windows-x86_64 0.4.0 96.00 727.00 823.00 OK
r-oldrel-macos-arm64 0.4.0 290.00 NOTE
r-oldrel-macos-x86_64 0.4.0 484.00 NOTE
r-oldrel-windows-x86_64 0.4.0 115.00 982.00 1097.00 NOTE

Check Details

Version: 0.4.0
Check: examples
Result: NOTE Examples with CPU (user + system) or elapsed time > 5s user system elapsed getStartendindex 6.782 0.105 8.693 Flavor: r-devel-linux-x86_64-debian-clang

Version: 0.4.0
Check: examples
Result: NA user system elapsed getStartendindex 4.176 0.353 6.197 OK Flavor: r-devel-linux-x86_64-debian-gcc

Version: 0.4.0
Check: installed package size
Result: NOTE installed size is 48.1Mb sub-directories of 1Mb or more: libs 47.5Mb Flavors: r-oldrel-macos-arm64, r-oldrel-macos-x86_64, r-oldrel-windows-x86_64

These binaries (installable software) and packages are in development.
They may not be fully stable and should be used with caution. We make no claims about them.