Last updated on 2025-05-02 06:49:31 CEST.
Flavor | Version | Tinstall | Tcheck | Ttotal | Status | Flags |
---|---|---|---|---|---|---|
r-devel-linux-x86_64-debian-clang | 1.1.0 | 295.23 | 306.41 | 601.64 | OK | |
r-devel-linux-x86_64-debian-gcc | 1.1.0 | 245.46 | 213.39 | 458.85 | OK | |
r-devel-linux-x86_64-fedora-clang | 1.1.0 | 1091.41 | OK | |||
r-devel-linux-x86_64-fedora-gcc | 1.1.0 | 1298.73 | OK | |||
r-devel-windows-x86_64 | 1.1.0 | 299.00 | 313.00 | 612.00 | OK | |
r-patched-linux-x86_64 | 1.1.0 | 258.94 | 321.32 | 580.26 | OK | |
r-release-linux-x86_64 | OK | |||||
r-release-macos-arm64 | 1.1.0 | 291.00 | OK | |||
r-release-macos-x86_64 | 1.1.0 | 439.00 | OK | |||
r-release-windows-x86_64 | 1.1.0 | 316.00 | 325.00 | 641.00 | OK | |
r-oldrel-macos-arm64 | 1.1.0 | 155.00 | NOTE | |||
r-oldrel-macos-x86_64 | 1.1.0 | 231.00 | NOTE | |||
r-oldrel-windows-x86_64 | 1.1.0 | 256.00 | 435.00 | 691.00 | NOTE |
Version: 1.1.0
Check: installed package size
Result: NOTE
installed size is 97.2Mb
sub-directories of 1Mb or more:
libs 96.4Mb
Flavors: r-oldrel-macos-arm64, r-oldrel-macos-x86_64, r-oldrel-windows-x86_64
Version: 1.1.0
Check: for GNU extensions in Makefiles
Result: NOTE
GNU make is a SystemRequirements.
Flavors: r-oldrel-macos-arm64, r-oldrel-macos-x86_64, r-oldrel-windows-x86_64
These binaries (installable software) and packages are in development.
They may not be fully stable and should be used with caution. We make no claims about them.