CRAN Package Check Results for Package discnorm

Last updated on 2025-07-02 03:50:39 CEST.

Flavor Version Tinstall Tcheck Ttotal Status Flags
r-devel-linux-x86_64-debian-clang 0.2.1 2.12 79.68 81.80 NOTE
r-devel-linux-x86_64-debian-gcc 0.2.1 1.53 53.31 54.84 NOTE
r-devel-linux-x86_64-fedora-clang 0.2.1 131.37 OK
r-devel-linux-x86_64-fedora-gcc 0.2.1 140.75 OK
r-devel-windows-x86_64 0.2.1 4.00 93.00 97.00 OK
r-patched-linux-x86_64 OK
r-release-linux-x86_64 0.2.1 2.06 72.90 74.96 OK
r-release-macos-arm64 0.2.1 51.00 OK
r-release-macos-x86_64 0.2.1 99.00 OK
r-release-windows-x86_64 0.2.1 4.00 93.00 97.00 OK
r-oldrel-macos-arm64 0.2.1 46.00 OK
r-oldrel-macos-x86_64 0.2.1 73.00 OK
r-oldrel-windows-x86_64 0.2.1 4.00 117.00 121.00 OK

Check Details

Version: 0.2.1
Check: CRAN incoming feasibility
Result: NOTE Maintainer: ‘Njål Foldnes <njal.foldnes@gmail.com>’ Package CITATION file contains call(s) to old-style personList() or as.personList(). Please use c() on person objects instead. Package CITATION file contains call(s) to old-style citEntry(). Please use bibentry() instead. Flavors: r-devel-linux-x86_64-debian-clang, r-devel-linux-x86_64-debian-gcc

These binaries (installable software) and packages are in development.
They may not be fully stable and should be used with caution. We make no claims about them.