Last updated on 2024-07-27 15:50:15 CEST.
Flavor | Version | Tinstall | Tcheck | Ttotal | Status | Flags |
---|---|---|---|---|---|---|
r-devel-linux-x86_64-debian-clang | 3.1.2 | 22.43 | 167.38 | 189.81 | NOTE | |
r-devel-linux-x86_64-debian-gcc | 3.1.2 | NOTE | ||||
r-devel-linux-x86_64-fedora-clang | 3.1.2 | 252.89 | NOTE | |||
r-devel-linux-x86_64-fedora-gcc | 3.1.2 | 229.69 | NOTE | |||
r-devel-windows-x86_64 | 3.1.2 | 21.00 | 138.00 | 159.00 | NOTE | |
r-patched-linux-x86_64 | 3.1.2 | NOTE | ||||
r-release-linux-x86_64 | 3.1.2 | 15.73 | 159.92 | 175.65 | NOTE | |
r-release-macos-arm64 | 3.1.2 | 61.00 | NOTE | |||
r-release-macos-x86_64 | 3.1.2 | 92.00 | NOTE | |||
r-release-windows-x86_64 | 3.1.2 | 20.00 | 140.00 | 160.00 | NOTE | |
r-oldrel-macos-arm64 | 3.1.2 | 65.00 | OK | |||
r-oldrel-macos-x86_64 | 3.1.2 | 123.00 | OK | |||
r-oldrel-windows-x86_64 | 3.1.2 | 27.00 | 180.00 | 207.00 | OK |
Version: 3.1.2
Check: Rd files
Result: NOTE
checkRd: (-1) app_server.Rd:10: Lost braces; missing escapes or markup?
10 | \item{input, output, session}{Internal parameters for `{shiny}`.
| ^
Flavors: r-devel-linux-x86_64-debian-clang, r-devel-linux-x86_64-debian-gcc, r-devel-linux-x86_64-fedora-clang, r-devel-linux-x86_64-fedora-gcc, r-devel-windows-x86_64, r-patched-linux-x86_64, r-release-linux-x86_64, r-release-macos-arm64, r-release-macos-x86_64, r-release-windows-x86_64
These binaries (installable software) and packages are in development.
They may not be fully stable and should be used with caution. We make no claims about them.