CRAN Package Check Results for Package discoverableresearch

Last updated on 2025-02-02 14:48:21 CET.

Flavor Version Tinstall Tcheck Ttotal Status Flags
r-devel-linux-x86_64-debian-clang 0.0.1 2.35 37.95 40.30 OK
r-devel-linux-x86_64-debian-gcc 0.0.1 1.62 27.12 28.74 OK
r-devel-linux-x86_64-fedora-clang 0.0.1 70.04 NOTE
r-devel-linux-x86_64-fedora-gcc 0.0.1 75.44 NOTE
r-devel-windows-x86_64 0.0.1 5.00 62.00 67.00 OK
r-patched-linux-x86_64 0.0.1 2.53 36.06 38.59 OK
r-release-linux-x86_64 0.0.1 2.26 36.87 39.13 OK
r-release-macos-arm64 0.0.1 31.00 OK
r-release-macos-x86_64 0.0.1 46.00 OK
r-release-windows-x86_64 0.0.1 4.00 62.00 66.00 OK
r-oldrel-macos-arm64 0.0.1 31.00 OK
r-oldrel-macos-x86_64 0.0.1 46.00 OK
r-oldrel-windows-x86_64 0.0.1 5.00 66.00 71.00 OK

Check Details

Version: 0.0.1
Check: dependencies in R code
Result: NOTE Namespaces in Imports field not imported from: ‘dplyr’ ‘readr’ All declared Imports should be used. Flavors: r-devel-linux-x86_64-fedora-clang, r-devel-linux-x86_64-fedora-gcc

These binaries (installable software) and packages are in development.
They may not be fully stable and should be used with caution. We make no claims about them.