CRAN Package Check Results for Package discoverableresearch

Last updated on 2025-07-02 01:51:35 CEST.

Flavor Version Tinstall Tcheck Ttotal Status Flags
r-devel-linux-x86_64-debian-clang 0.0.1 2.13 39.75 41.88 OK
r-devel-linux-x86_64-debian-gcc 0.0.1 1.64 28.20 29.84 OK
r-devel-linux-x86_64-fedora-clang 0.0.1 65.66 NOTE
r-devel-linux-x86_64-fedora-gcc 0.0.1 75.45 NOTE
r-devel-windows-x86_64 0.0.1 4.00 62.00 66.00 OK
r-patched-linux-x86_64 OK
r-release-linux-x86_64 0.0.1 2.27 37.26 39.53 OK
r-release-macos-arm64 0.0.1 32.00 OK
r-release-macos-x86_64 0.0.1 57.00 OK
r-release-windows-x86_64 0.0.1 4.00 62.00 66.00 OK
r-oldrel-macos-arm64 0.0.1 31.00 OK
r-oldrel-macos-x86_64 0.0.1 46.00 OK
r-oldrel-windows-x86_64 0.0.1 5.00 73.00 78.00 OK

Check Details

Version: 0.0.1
Check: dependencies in R code
Result: NOTE Namespaces in Imports field not imported from: ‘dplyr’ ‘readr’ All declared Imports should be used. Flavors: r-devel-linux-x86_64-fedora-clang, r-devel-linux-x86_64-fedora-gcc

These binaries (installable software) and packages are in development.
They may not be fully stable and should be used with caution. We make no claims about them.