Last updated on 2025-02-16 10:50:44 CET.
Flavor | Version | Tinstall | Tcheck | Ttotal | Status | Flags |
---|---|---|---|---|---|---|
r-devel-linux-x86_64-debian-clang | 0.1.2 | 15.36 | 37.61 | 52.97 | NOTE | |
r-devel-linux-x86_64-debian-gcc | 0.1.2 | 13.03 | 27.27 | 40.30 | NOTE | |
r-devel-linux-x86_64-fedora-clang | 0.1.2 | 107.17 | NOTE | |||
r-devel-linux-x86_64-fedora-gcc | 0.1.2 | 109.92 | NOTE | |||
r-devel-macos-arm64 | 0.1.2 | 34.00 | NOTE | |||
r-devel-macos-x86_64 | 0.1.2 | 61.00 | NOTE | |||
r-devel-windows-x86_64 | 0.1.2 | 19.00 | 75.00 | 94.00 | NOTE | |
r-patched-linux-x86_64 | 0.1.2 | 17.93 | 35.46 | 53.39 | NOTE | |
r-release-linux-x86_64 | 0.1.2 | 17.79 | 35.79 | 53.58 | NOTE | |
r-release-macos-arm64 | 0.1.2 | 35.00 | NOTE | |||
r-release-macos-x86_64 | 0.1.2 | 49.00 | NOTE | |||
r-release-windows-x86_64 | 0.1.2 | 20.00 | 75.00 | 95.00 | NOTE | |
r-oldrel-macos-arm64 | 0.1.2 | 39.00 | NOTE | |||
r-oldrel-macos-x86_64 | 0.1.2 | 62.00 | NOTE | |||
r-oldrel-windows-x86_64 | 0.1.2 | 22.00 | 108.00 | 130.00 | NOTE |
Version: 0.1.2
Check: C++ specification
Result: NOTE
Specified C++11: please drop specification unless essential
Flavors: r-devel-linux-x86_64-debian-clang, r-devel-linux-x86_64-debian-gcc, r-devel-linux-x86_64-fedora-clang, r-devel-linux-x86_64-fedora-gcc, r-devel-macos-arm64, r-devel-macos-x86_64, r-devel-windows-x86_64, r-patched-linux-x86_64, r-release-linux-x86_64, r-release-macos-arm64, r-release-macos-x86_64, r-release-windows-x86_64, r-oldrel-macos-arm64, r-oldrel-macos-x86_64, r-oldrel-windows-x86_64
These binaries (installable software) and packages are in development.
They may not be fully stable and should be used with caution. We make no claims about them.