CRAN Package Check Results for Package disdat

Last updated on 2025-07-02 01:51:35 CEST.

Flavor Version Tinstall Tcheck Ttotal Status Flags
r-devel-linux-x86_64-debian-clang 1.0-1 1.98 60.54 62.52 OK
r-devel-linux-x86_64-debian-gcc 1.0-1 1.54 44.27 45.81 OK
r-devel-linux-x86_64-fedora-clang 1.0-1 99.12 OK
r-devel-linux-x86_64-fedora-gcc 1.0-1 108.51 OK
r-devel-windows-x86_64 1.0-1 4.00 83.00 87.00 OK
r-patched-linux-x86_64 OK
r-release-linux-x86_64 1.0-1 1.63 59.02 60.65 OK
r-release-macos-arm64 1.0-1 41.00 OK
r-release-macos-x86_64 1.0-1 74.00 OK
r-release-windows-x86_64 1.0-1 3.00 81.00 84.00 OK
r-oldrel-macos-arm64 1.0-1 36.00 NOTE
r-oldrel-macos-x86_64 1.0-1 57.00 NOTE
r-oldrel-windows-x86_64 1.0-1 4.00 99.00 103.00 NOTE

Check Details

Version: 1.0-1
Check: installed package size
Result: NOTE installed size is 6.2Mb sub-directories of 1Mb or more: doc 1.5Mb extdata 4.2Mb Flavors: r-oldrel-macos-arm64, r-oldrel-macos-x86_64, r-oldrel-windows-x86_64

These binaries (installable software) and packages are in development.
They may not be fully stable and should be used with caution. We make no claims about them.