Last updated on 2025-02-16 10:50:44 CET.
Flavor | Version | Tinstall | Tcheck | Ttotal | Status | Flags |
---|---|---|---|---|---|---|
r-devel-linux-x86_64-debian-clang | 1.0-1 | 2.18 | 58.59 | 60.77 | OK | |
r-devel-linux-x86_64-debian-gcc | 1.0-1 | 1.83 | 41.79 | 43.62 | OK | |
r-devel-linux-x86_64-fedora-clang | 1.0-1 | 103.20 | OK | |||
r-devel-linux-x86_64-fedora-gcc | 1.0-1 | 106.67 | OK | |||
r-devel-macos-arm64 | 1.0-1 | 38.00 | OK | |||
r-devel-macos-x86_64 | 1.0-1 | 107.00 | OK | |||
r-devel-windows-x86_64 | 1.0-1 | 3.00 | 81.00 | 84.00 | OK | |
r-patched-linux-x86_64 | 1.0-1 | 2.33 | 54.96 | 57.29 | OK | |
r-release-linux-x86_64 | 1.0-1 | 2.11 | 54.39 | 56.50 | OK | |
r-release-macos-arm64 | 1.0-1 | 36.00 | NOTE | |||
r-release-macos-x86_64 | 1.0-1 | 57.00 | NOTE | |||
r-release-windows-x86_64 | 1.0-1 | 3.00 | 79.00 | 82.00 | NOTE | |
r-oldrel-macos-arm64 | 1.0-1 | 37.00 | NOTE | |||
r-oldrel-macos-x86_64 | 1.0-1 | 62.00 | NOTE | |||
r-oldrel-windows-x86_64 | 1.0-1 | 4.00 | 91.00 | 95.00 | NOTE |
Version: 1.0-1
Check: installed package size
Result: NOTE
installed size is 6.2Mb
sub-directories of 1Mb or more:
doc 1.5Mb
extdata 4.2Mb
Flavors: r-release-macos-arm64, r-release-macos-x86_64, r-release-windows-x86_64, r-oldrel-macos-arm64, r-oldrel-macos-x86_64, r-oldrel-windows-x86_64
These binaries (installable software) and packages are in development.
They may not be fully stable and should be used with caution. We make no claims about them.