Last updated on 2025-10-23 17:50:46 CEST.
Flavor | Version | Tinstall | Tcheck | Ttotal | Status | Flags |
---|---|---|---|---|---|---|
r-devel-linux-x86_64-debian-clang | 1.0-1 | 1.93 | 63.17 | 65.10 | OK | |
r-devel-linux-x86_64-debian-gcc | 1.0-1 | 1.57 | 43.84 | 45.41 | OK | |
r-devel-linux-x86_64-fedora-clang | 1.0-1 | 101.78 | OK | |||
r-devel-linux-x86_64-fedora-gcc | 1.0-1 | 109.84 | OK | |||
r-devel-windows-x86_64 | 1.0-1 | 4.00 | 79.00 | 83.00 | OK | |
r-patched-linux-x86_64 | 1.0-1 | 1.87 | 60.10 | 61.97 | OK | |
r-release-linux-x86_64 | 1.0-1 | 1.78 | 58.79 | 60.57 | OK | |
r-release-macos-arm64 | 1.0-1 | 1.00 | 40.00 | 41.00 | OK | |
r-release-macos-x86_64 | 1.0-1 | 2.00 | 72.00 | 74.00 | OK | |
r-release-windows-x86_64 | 1.0-1 | 3.00 | 82.00 | 85.00 | OK | |
r-oldrel-macos-arm64 | 1.0-1 | 1.00 | 35.00 | 36.00 | NOTE | |
r-oldrel-macos-x86_64 | 1.0-1 | 2.00 | 55.00 | 57.00 | NOTE | |
r-oldrel-windows-x86_64 | 1.0-1 | 6.00 | 98.00 | 104.00 | NOTE |
Version: 1.0-1
Check: installed package size
Result: NOTE
installed size is 6.2Mb
sub-directories of 1Mb or more:
doc 1.5Mb
extdata 4.2Mb
Flavors: r-oldrel-macos-arm64, r-oldrel-macos-x86_64, r-oldrel-windows-x86_64
These binaries (installable software) and packages are in development.
They may not be fully stable and should be used with caution. We make no claims about them.