Last updated on 2025-02-16 10:50:44 CET.
Flavor | Version | Tinstall | Tcheck | Ttotal | Status | Flags |
---|---|---|---|---|---|---|
r-devel-linux-x86_64-debian-clang | 2.0.6 | 22.58 | 239.56 | 262.14 | OK | |
r-devel-linux-x86_64-debian-gcc | 2.0.6 | 14.80 | 145.94 | 160.74 | OK | |
r-devel-linux-x86_64-fedora-clang | 2.0.6 | 468.57 | OK | |||
r-devel-linux-x86_64-fedora-gcc | 2.0.6 | 1128.07 | OK | |||
r-devel-macos-arm64 | 2.0.6 | 94.00 | OK | |||
r-devel-macos-x86_64 | 2.0.6 | 225.00 | OK | |||
r-devel-windows-x86_64 | 2.0.6 | 22.00 | 196.00 | 218.00 | OK | |
r-patched-linux-x86_64 | 2.0.6 | 22.59 | 226.02 | 248.61 | NOTE | |
r-release-linux-x86_64 | 2.0.6 | 20.90 | 224.81 | 245.71 | NOTE | |
r-release-macos-arm64 | 2.0.6 | 88.00 | NOTE | |||
r-release-macos-x86_64 | 2.0.6 | 153.00 | NOTE | |||
r-release-windows-x86_64 | 2.0.6 | 22.00 | 192.00 | 214.00 | OK | |
r-oldrel-macos-arm64 | 2.0.6 | 108.00 | NOTE | |||
r-oldrel-macos-x86_64 | 2.0.6 | 347.00 | NOTE | |||
r-oldrel-windows-x86_64 | 2.0.6 | 24.00 | 254.00 | 278.00 | NOTE |
Version: 2.0.6
Check: package dependencies
Result: NOTE
Package which this enhances but not available for checking: ‘INLA’
Flavors: r-patched-linux-x86_64, r-release-linux-x86_64, r-release-macos-arm64, r-release-macos-x86_64, r-oldrel-macos-arm64, r-oldrel-macos-x86_64, r-oldrel-windows-x86_64
These binaries (installable software) and packages are in development.
They may not be fully stable and should be used with caution. We make no claims about them.