Last updated on 2025-05-01 08:52:31 CEST.
Flavor | Version | Tinstall | Tcheck | Ttotal | Status | Flags |
---|---|---|---|---|---|---|
r-devel-linux-x86_64-debian-clang | 1.3-16 | 48.93 | 304.17 | 353.10 | NOTE | |
r-devel-linux-x86_64-debian-gcc | 1.3-16 | 28.55 | 195.92 | 224.47 | OK | |
r-devel-linux-x86_64-fedora-clang | 1.3-16 | 559.35 | OK | |||
r-devel-linux-x86_64-fedora-gcc | 1.3-16 | 547.96 | OK | |||
r-devel-windows-x86_64 | 1.3-16 | 47.00 | 285.00 | 332.00 | OK | --no-vignettes |
r-patched-linux-x86_64 | 1.3-16 | 46.52 | 289.40 | 335.92 | OK | |
r-release-linux-x86_64 | OK | |||||
r-release-macos-arm64 | 1.3-16 | 133.00 | OK | |||
r-release-macos-x86_64 | 1.3-16 | 290.00 | OK | |||
r-release-windows-x86_64 | 1.3-16 | 48.00 | 265.00 | 313.00 | OK | --no-vignettes |
r-oldrel-macos-arm64 | 1.3-16 | 119.00 | OK | |||
r-oldrel-macos-x86_64 | 1.3-16 | 275.00 | OK | |||
r-oldrel-windows-x86_64 | 1.3-16 | 59.00 | 353.00 | 412.00 | OK | --no-vignettes |
Version: 1.3-16
Check: examples
Result: NOTE
Examples with CPU (user + system) or elapsed time > 5s
user system elapsed
gbm.step 4.76 0.094 5.685
Flavor: r-devel-linux-x86_64-debian-clang
Version: 1.3-16
Check: examples
Result: NA
user system elapsed
gbm.step 4.611 0.093 5.877
OK
Flavor: r-devel-linux-x86_64-debian-gcc
These binaries (installable software) and packages are in development.
They may not be fully stable and should be used with caution. We make no claims about them.