CRAN Package Check Results for Package distTails

Last updated on 2025-11-12 23:50:42 CET.

Flavor Version Tinstall Tcheck Ttotal Status Flags
r-devel-linux-x86_64-debian-clang 0.1.2 1.85 20.37 22.22 OK
r-devel-linux-x86_64-debian-gcc 0.1.2 1.46 16.63 18.09 OK
r-devel-linux-x86_64-fedora-clang 0.1.2 33.47 OK
r-devel-linux-x86_64-fedora-gcc 0.1.2 30.48 OK
r-devel-windows-x86_64 0.1.2 3.00 40.00 43.00 OK
r-patched-linux-x86_64 0.1.2 1.87 18.85 20.72 OK
r-release-linux-x86_64 0.1.2 1.84 19.15 20.99 OK
r-release-macos-arm64 0.1.2 1.00 15.00 16.00 OK
r-release-macos-x86_64 0.1.2 2.00 21.00 23.00 OK
r-release-windows-x86_64 0.1.2 3.00 134.00 137.00 OK
r-oldrel-macos-arm64 0.1.2 1.00 14.00 15.00 NOTE
r-oldrel-macos-x86_64 0.1.2 1.00 19.00 20.00 NOTE
r-oldrel-windows-x86_64 0.1.2 3.00 44.00 47.00 NOTE

Check Details

Version: 0.1.2
Check: LazyData
Result: NOTE 'LazyData' is specified without a 'data' directory Flavors: r-oldrel-macos-arm64, r-oldrel-macos-x86_64, r-oldrel-windows-x86_64

These binaries (installable software) and packages are in development.
They may not be fully stable and should be used with caution. We make no claims about them.