Last updated on 2025-05-01 14:49:08 CEST.
Flavor | Version | Tinstall | Tcheck | Ttotal | Status | Flags |
---|---|---|---|---|---|---|
r-devel-linux-x86_64-debian-clang | 0.0.3 | 1.80 | 70.75 | 72.55 | NOTE | |
r-devel-linux-x86_64-debian-gcc | 0.0.3 | 1.45 | 50.77 | 52.22 | OK | |
r-devel-linux-x86_64-fedora-clang | 0.0.3 | 111.67 | OK | |||
r-devel-linux-x86_64-fedora-gcc | 0.0.3 | 125.08 | OK | |||
r-devel-windows-x86_64 | 0.0.3 | 3.00 | 86.00 | 89.00 | OK | |
r-patched-linux-x86_64 | 0.0.3 | 1.39 | 66.78 | 68.17 | OK | |
r-release-linux-x86_64 | OK | |||||
r-release-macos-arm64 | 0.0.3 | 45.00 | OK | |||
r-release-macos-x86_64 | 0.0.3 | 85.00 | OK | |||
r-release-windows-x86_64 | 0.0.3 | 4.00 | 90.00 | 94.00 | OK | |
r-oldrel-macos-arm64 | 0.0.3 | 39.00 | OK | |||
r-oldrel-macos-x86_64 | 0.0.3 | 61.00 | OK | |||
r-oldrel-windows-x86_64 | 0.0.3 | 3.00 | 102.00 | 105.00 | OK |
Version: 0.0.3
Check: examples
Result: NOTE
Examples with CPU (user + system) or elapsed time > 5s
user system elapsed
distance_raster 11.296 0.173 15.226
Flavor: r-devel-linux-x86_64-debian-clang
Version: 0.0.3
Check: examples
Result: NA
user system elapsed
distance_raster 6.659 0.189 9.373
OK
Flavor: r-devel-linux-x86_64-debian-gcc
These binaries (installable software) and packages are in development.
They may not be fully stable and should be used with caution. We make no claims about them.