CRAN Package Check Results for Package distantia

Last updated on 2025-05-08 04:52:03 CEST.

Flavor Version Tinstall Tcheck Ttotal Status Flags
r-devel-linux-x86_64-debian-clang 2.0.2 50.64 168.68 219.32 OK
r-devel-linux-x86_64-debian-gcc 2.0.2 37.07 110.72 147.79 OK
r-devel-linux-x86_64-fedora-clang 2.0.2 354.74 OK
r-devel-linux-x86_64-fedora-gcc 2.0.2 380.84 OK
r-devel-windows-x86_64 2.0.2 64.00 234.00 298.00 OK
r-patched-linux-x86_64 2.0.2 60.90 160.43 221.33 OK
r-release-linux-x86_64 2.0.2 51.95 160.17 212.12 OK
r-release-macos-arm64 2.0.2 84.00 OK
r-release-macos-x86_64 2.0.2 150.00 OK
r-release-windows-x86_64 2.0.2 61.00 236.00 297.00 OK
r-oldrel-macos-arm64 2.0.2 88.00 NOTE
r-oldrel-macos-x86_64 2.0.2 218.00 OK
r-oldrel-windows-x86_64 2.0.2 75.00 286.00 361.00 OK

Check Details

Version: 2.0.2
Check: installed package size
Result: NOTE installed size is 5.1Mb sub-directories of 1Mb or more: libs 3.4Mb Flavor: r-oldrel-macos-arm64

These binaries (installable software) and packages are in development.
They may not be fully stable and should be used with caution. We make no claims about them.