Last updated on 2025-07-24 03:49:57 CEST.
Flavor | Version | Tinstall | Tcheck | Ttotal | Status | Flags |
---|---|---|---|---|---|---|
r-devel-linux-x86_64-debian-clang | 2.0.2 | 49.59 | 318.95 | 368.54 | OK | |
r-devel-linux-x86_64-debian-gcc | 2.0.2 | 39.50 | 183.19 | 222.69 | OK | |
r-devel-linux-x86_64-fedora-clang | 2.0.2 | 641.44 | OK | |||
r-devel-linux-x86_64-fedora-gcc | 2.0.2 | 575.82 | OK | |||
r-devel-windows-x86_64 | 2.0.2 | 61.00 | 335.00 | 396.00 | OK | |
r-patched-linux-x86_64 | 2.0.2 | 63.41 | 294.02 | 357.43 | OK | |
r-release-linux-x86_64 | 2.0.2 | 54.59 | 292.13 | 346.72 | OK | |
r-release-macos-arm64 | 2.0.2 | 84.00 | OK | |||
r-release-macos-x86_64 | 2.0.2 | 150.00 | OK | |||
r-release-windows-x86_64 | 2.0.2 | 58.00 | 329.00 | 387.00 | OK | |
r-oldrel-macos-arm64 | 2.0.2 | 88.00 | NOTE | |||
r-oldrel-macos-x86_64 | 2.0.2 | 218.00 | OK | |||
r-oldrel-windows-x86_64 | 2.0.2 | 74.00 | 439.00 | 513.00 | OK |
Version: 2.0.2
Check: installed package size
Result: NOTE
installed size is 5.1Mb
sub-directories of 1Mb or more:
libs 3.4Mb
Flavor: r-oldrel-macos-arm64
These binaries (installable software) and packages are in development.
They may not be fully stable and should be used with caution. We make no claims about them.