CRAN Package Check Results for Package distcomp

Last updated on 2025-05-02 02:50:52 CEST.

Flavor Version Tinstall Tcheck Ttotal Status Flags
r-devel-linux-x86_64-debian-clang 1.3-3 21.57 101.18 122.75 NOTE
r-devel-linux-x86_64-debian-gcc 1.3-3 13.86 73.57 87.43 NOTE
r-devel-linux-x86_64-fedora-clang 1.3-3 191.12 NOTE
r-devel-linux-x86_64-fedora-gcc 1.3-3 201.03 NOTE
r-devel-windows-x86_64 1.3-3 27.00 117.00 144.00 NOTE
r-patched-linux-x86_64 1.3-3 18.47 98.19 116.66 NOTE
r-release-linux-x86_64 NOTE
r-release-macos-arm64 1.3-3 78.00 NOTE
r-release-macos-x86_64 1.3-3 124.00 NOTE
r-release-windows-x86_64 1.3-3 27.00 128.00 155.00 NOTE
r-oldrel-macos-arm64 1.3-3 63.00 OK
r-oldrel-macos-x86_64 1.3-3 102.00 OK
r-oldrel-windows-x86_64 1.3-3 29.00 144.00 173.00 OK

Check Details

Version: 1.3-3
Check: compiled code
Result: NOTE File ‘distcomp/libs/distcomp.so’: Found non-API call to R: ‘NAMED’ Compiled code should not call non-API entry points in R. See ‘Writing portable packages’ in the ‘Writing R Extensions’ manual, and section ‘Moving into C API compliance’ for issues with the use of non-API entry points. Flavors: r-devel-linux-x86_64-debian-clang, r-devel-linux-x86_64-debian-gcc, r-devel-linux-x86_64-fedora-clang, r-devel-linux-x86_64-fedora-gcc, r-patched-linux-x86_64, r-release-linux-x86_64, r-release-macos-arm64, r-release-macos-x86_64

Version: 1.3-3
Check: compiled code
Result: NOTE File 'distcomp/libs/x64/distcomp.dll': Found non-API call to R: 'NAMED' Compiled code should not call non-API entry points in R. See 'Writing portable packages' in the 'Writing R Extensions' manual, and section 'Moving into C API compliance' for issues with the use of non-API entry points. Flavors: r-devel-windows-x86_64, r-release-windows-x86_64

These binaries (installable software) and packages are in development.
They may not be fully stable and should be used with caution. We make no claims about them.