CRAN Package Check Results for Package distcrete

Last updated on 2025-07-02 03:50:39 CEST.

Flavor Version Tinstall Tcheck Ttotal Status Flags
r-devel-linux-x86_64-debian-clang 1.0.3 1.76 25.86 27.62 OK
r-devel-linux-x86_64-debian-gcc 1.0.3 1.36 21.49 22.85 OK
r-devel-linux-x86_64-fedora-clang 1.0.3 42.08 OK
r-devel-linux-x86_64-fedora-gcc 1.0.3 53.93 OK
r-devel-windows-x86_64 1.0.3 3.00 45.00 48.00 OK
r-patched-linux-x86_64 OK
r-release-linux-x86_64 1.0.3 1.61 23.25 24.86 OK
r-release-macos-arm64 1.0.3 23.00 OK
r-release-macos-x86_64 1.0.3 38.00 OK
r-release-windows-x86_64 1.0.3 3.00 44.00 47.00 OK
r-oldrel-macos-arm64 1.0.3 21.00 NOTE
r-oldrel-macos-x86_64 1.0.3 33.00 NOTE
r-oldrel-windows-x86_64 1.0.3 4.00 50.00 54.00 NOTE

Check Details

Version: 1.0.3
Check: LazyData
Result: NOTE 'LazyData' is specified without a 'data' directory Flavors: r-oldrel-macos-arm64, r-oldrel-macos-x86_64, r-oldrel-windows-x86_64

These binaries (installable software) and packages are in development.
They may not be fully stable and should be used with caution. We make no claims about them.