Last updated on 2025-05-02 16:55:35 CEST.
Flavor | Version | Tinstall | Tcheck | Ttotal | Status | Flags |
---|---|---|---|---|---|---|
r-devel-linux-x86_64-debian-clang | 0.5.0 | 7.60 | 76.53 | 84.13 | NOTE | |
r-devel-linux-x86_64-debian-gcc | 0.5.0 | 4.72 | 50.27 | 54.99 | NOTE | |
r-devel-linux-x86_64-fedora-clang | 0.5.0 | 139.08 | NOTE | |||
r-devel-linux-x86_64-fedora-gcc | 0.5.0 | 128.34 | NOTE | |||
r-devel-windows-x86_64 | 0.5.0 | 9.00 | 93.00 | 102.00 | NOTE | |
r-patched-linux-x86_64 | 0.5.0 | 8.88 | 69.79 | 78.67 | NOTE | |
r-release-linux-x86_64 | NOTE | |||||
r-release-macos-arm64 | 0.5.0 | 38.00 | NOTE | |||
r-release-macos-x86_64 | 0.5.0 | 75.00 | NOTE | |||
r-release-windows-x86_64 | 0.5.0 | 11.00 | 95.00 | 106.00 | NOTE | |
r-oldrel-macos-arm64 | 0.5.0 | 37.00 | OK | |||
r-oldrel-macos-x86_64 | 0.5.0 | 71.00 | OK | |||
r-oldrel-windows-x86_64 | 0.5.0 | 11.00 | 114.00 | 125.00 | OK |
Version: 0.5.0
Check: DESCRIPTION meta-information
Result: NOTE
Missing dependency on R >= 4.1.0 because package code uses the pipe
|> or function shorthand \(...) syntax added in R 4.1.0.
File(s) using such syntax:
‘mixture.R’
Flavors: r-devel-linux-x86_64-debian-clang, r-devel-linux-x86_64-debian-gcc, r-devel-linux-x86_64-fedora-clang, r-devel-linux-x86_64-fedora-gcc, r-devel-windows-x86_64, r-patched-linux-x86_64, r-release-linux-x86_64, r-release-macos-arm64, r-release-macos-x86_64, r-release-windows-x86_64
These binaries (installable software) and packages are in development.
They may not be fully stable and should be used with caution. We make no claims about them.