CRAN Package Check Results for Package distributionsrd

Last updated on 2025-11-11 15:50:32 CET.

Flavor Version Tinstall Tcheck Ttotal Status Flags
r-devel-linux-x86_64-debian-clang 0.0.6 5.86 72.98 78.84 NOTE
r-devel-linux-x86_64-debian-gcc 0.0.6 5.21 52.43 57.64 NOTE
r-devel-linux-x86_64-fedora-clang 0.0.6 16.00 100.95 116.95 OK
r-devel-linux-x86_64-fedora-gcc 0.0.6 15.00 97.87 112.87 OK
r-devel-windows-x86_64 0.0.6 8.00 93.00 101.00 OK
r-patched-linux-x86_64 0.0.6 7.75 67.03 74.78 OK
r-release-linux-x86_64 0.0.6 6.31 68.43 74.74 OK
r-release-macos-arm64 0.0.6 3.00 36.00 39.00 OK
r-release-macos-x86_64 0.0.6 6.00 59.00 65.00 OK
r-release-windows-x86_64 0.0.6 9.00 90.00 99.00 OK
r-oldrel-macos-arm64 0.0.6 3.00 33.00 36.00 OK
r-oldrel-macos-x86_64 0.0.6 5.00 47.00 52.00 OK
r-oldrel-windows-x86_64 0.0.6 12.00 108.00 120.00 OK

Check Details

Version: 0.0.6
Check: CRAN incoming feasibility
Result: NOTE Maintainer: ‘Ruben Dewitte <ruben0dewitte@gmail.com>’ Package CITATION file contains call(s) to old-style citEntry(). Please use bibentry() instead. Found the following URLs which should use \doi (with the DOI name only): File ‘fit_US_cities.Rd’: http://doi.org/10.3886/E113328V1 Flavors: r-devel-linux-x86_64-debian-clang, r-devel-linux-x86_64-debian-gcc

These binaries (installable software) and packages are in development.
They may not be fully stable and should be used with caution. We make no claims about them.