Last updated on 2025-02-16 10:50:44 CET.
Flavor | Version | Tinstall | Tcheck | Ttotal | Status | Flags |
---|---|---|---|---|---|---|
r-devel-linux-x86_64-debian-clang | 1.0.1 | 6.69 | 51.96 | 58.65 | NOTE | |
r-devel-linux-x86_64-debian-gcc | 1.0.1 | 5.17 | 39.11 | 44.28 | NOTE | |
r-devel-linux-x86_64-fedora-clang | 1.0.1 | 96.78 | OK | |||
r-devel-linux-x86_64-fedora-gcc | 1.0.1 | 87.77 | OK | |||
r-devel-macos-arm64 | 1.0.1 | 30.00 | OK | |||
r-devel-macos-x86_64 | 1.0.1 | 81.00 | OK | |||
r-devel-windows-x86_64 | 1.0.1 | 7.00 | 66.00 | 73.00 | NOTE | |
r-patched-linux-x86_64 | 1.0.1 | 6.23 | 49.06 | 55.29 | OK | |
r-release-linux-x86_64 | 1.0.1 | 6.06 | 48.60 | 54.66 | OK | |
r-release-macos-arm64 | 1.0.1 | 29.00 | OK | |||
r-release-macos-x86_64 | 1.0.1 | 43.00 | OK | |||
r-release-windows-x86_64 | 1.0.1 | 7.00 | 67.00 | 74.00 | OK | |
r-oldrel-macos-arm64 | 1.0.1 | 31.00 | OK | |||
r-oldrel-macos-x86_64 | 1.0.1 | 50.00 | OK | |||
r-oldrel-windows-x86_64 | 1.0.1 | 10.00 | 72.00 | 82.00 | OK |
Version: 1.0.1
Check: Rd cross-references
Result: NOTE
Found the following Rd file(s) with Rd \link{} targets missing package
anchors:
dmrcoef-class.Rd: dgCMatrix-class
Please provide package anchors for all Rd \link{} targets not in the
package itself and the base packages.
Flavors: r-devel-linux-x86_64-debian-clang, r-devel-linux-x86_64-debian-gcc, r-devel-windows-x86_64
These binaries (installable software) and packages are in development.
They may not be fully stable and should be used with caution. We make no claims about them.