Last updated on 2025-05-01 12:49:26 CEST.
Flavor | Version | Tinstall | Tcheck | Ttotal | Status | Flags |
---|---|---|---|---|---|---|
r-devel-linux-x86_64-debian-clang | 0.1.8 | 5.38 | 100.91 | 106.29 | NOTE | |
r-devel-linux-x86_64-debian-gcc | 0.1.8 | 3.12 | 76.09 | 79.21 | NOTE | |
r-devel-linux-x86_64-fedora-clang | 0.1.8 | 164.04 | OK | |||
r-devel-linux-x86_64-fedora-gcc | 0.1.8 | 172.07 | OK | |||
r-devel-windows-x86_64 | 0.1.8 | 7.00 | 120.00 | 127.00 | NOTE | |
r-patched-linux-x86_64 | 0.1.8 | 4.50 | 97.46 | 101.96 | NOTE | |
r-release-linux-x86_64 | NOTE | |||||
r-release-macos-arm64 | 0.1.8 | 73.00 | OK | |||
r-release-macos-x86_64 | 0.1.8 | 124.00 | OK | |||
r-release-windows-x86_64 | 0.1.8 | 7.00 | 129.00 | 136.00 | NOTE | |
r-oldrel-macos-arm64 | 0.1.8 | 74.00 | OK | |||
r-oldrel-macos-x86_64 | 0.1.8 | 90.00 | OK | |||
r-oldrel-windows-x86_64 | 0.1.8 | 9.00 | 146.00 | 155.00 | OK |
Version: 0.1.8
Check: Rd cross-references
Result: NOTE
Found the following Rd file(s) with Rd \link{} targets missing package
anchors:
mock-db-methods.Rd: dbConnect, dbListFields, dbWriteTable,
dbRemoveTable, dbGetInfo, dbQuoteIdentifier
mockdb.Rd: dbConnect
Please provide package anchors for all Rd \link{} targets not in the
package itself and the base packages.
Flavors: r-devel-linux-x86_64-debian-clang, r-devel-linux-x86_64-debian-gcc, r-devel-windows-x86_64, r-patched-linux-x86_64, r-release-linux-x86_64, r-release-windows-x86_64
These binaries (installable software) and packages are in development.
They may not be fully stable and should be used with caution. We make no claims about them.