Last updated on 2025-02-16 10:50:44 CET.
Flavor | Version | Tinstall | Tcheck | Ttotal | Status | Flags |
---|---|---|---|---|---|---|
r-devel-linux-x86_64-debian-clang | 0.5.0 | 115.00 | 104.13 | 219.13 | OK | |
r-devel-linux-x86_64-debian-gcc | 0.5.0 | 87.90 | 72.00 | 159.90 | OK | |
r-devel-linux-x86_64-fedora-clang | 0.5.0 | 431.12 | OK | |||
r-devel-linux-x86_64-fedora-gcc | 0.5.0 | 421.56 | OK | |||
r-devel-macos-arm64 | 0.5.0 | 89.00 | OK | |||
r-devel-macos-x86_64 | 0.5.0 | 133.00 | OK | |||
r-devel-windows-x86_64 | 0.5.0 | 120.00 | 132.00 | 252.00 | OK | |
r-patched-linux-x86_64 | 0.5.0 | 121.48 | 97.52 | 219.00 | NOTE | |
r-release-linux-x86_64 | 0.5.0 | 120.59 | 97.99 | 218.58 | NOTE | |
r-release-macos-arm64 | 0.5.0 | 67.00 | NOTE | |||
r-release-macos-x86_64 | 0.5.0 | 122.00 | NOTE | |||
r-release-windows-x86_64 | 0.5.0 | 124.00 | 130.00 | 254.00 | NOTE | |
r-oldrel-macos-arm64 | 0.5.0 | 97.00 | NOTE | |||
r-oldrel-macos-x86_64 | 0.5.0 | 134.00 | NOTE | |||
r-oldrel-windows-x86_64 | 0.5.0 | 150.00 | 160.00 | 310.00 | NOTE |
Version: 0.5.0
Check: package dependencies
Result: NOTE
Package suggested but not available for checking: ‘BOLTSSIRR’
Flavors: r-patched-linux-x86_64, r-release-linux-x86_64, r-release-macos-arm64, r-release-macos-x86_64, r-release-windows-x86_64, r-oldrel-macos-arm64, r-oldrel-macos-x86_64, r-oldrel-windows-x86_64
Version: 0.5.0
Check: installed package size
Result: NOTE
installed size is 10.8Mb
sub-directories of 1Mb or more:
libs 10.1Mb
Flavors: r-release-macos-arm64, r-release-macos-x86_64, r-oldrel-macos-arm64, r-oldrel-macos-x86_64
These binaries (installable software) and packages are in development.
They may not be fully stable and should be used with caution. We make no claims about them.