CRAN Package Check Results for Package diversityForest

Last updated on 2025-07-03 03:49:39 CEST.

Flavor Version Tinstall Tcheck Ttotal Status Flags
r-devel-linux-x86_64-debian-clang 0.6.0 119.75 111.73 231.48 OK
r-devel-linux-x86_64-debian-gcc 0.6.0 93.38 77.01 170.39 OK
r-devel-linux-x86_64-fedora-clang 0.6.0 413.89 OK
r-devel-linux-x86_64-fedora-gcc 0.6.0 399.66 OK
r-devel-windows-x86_64 0.6.0 136.00 132.00 268.00 OK
r-patched-linux-x86_64 0.6.0 126.43 105.20 231.63 OK
r-release-linux-x86_64 0.6.0 120.85 105.41 226.26 OK
r-release-macos-arm64 0.6.0 68.00 OK
r-release-macos-x86_64 0.6.0 119.00 OK
r-release-windows-x86_64 0.6.0 137.00 137.00 274.00 OK
r-oldrel-macos-arm64 0.6.0 84.00 NOTE
r-oldrel-macos-x86_64 0.6.0 122.00 NOTE
r-oldrel-windows-x86_64 0.6.0 165.00 173.00 338.00 NOTE

Check Details

Version: 0.6.0
Check: package dependencies
Result: NOTE Package suggested but not available for checking: ‘BOLTSSIRR’ Flavors: r-oldrel-macos-arm64, r-oldrel-macos-x86_64, r-oldrel-windows-x86_64

Version: 0.6.0
Check: installed package size
Result: NOTE installed size is 10.8Mb sub-directories of 1Mb or more: libs 10.1Mb Flavors: r-oldrel-macos-arm64, r-oldrel-macos-x86_64

These binaries (installable software) and packages are in development.
They may not be fully stable and should be used with caution. We make no claims about them.