Last updated on 2025-10-25 11:48:30 CEST.
| Flavor | Version | Tinstall | Tcheck | Ttotal | Status | Flags |
|---|---|---|---|---|---|---|
| r-devel-linux-x86_64-debian-clang | 1.0.2 | 9.05 | 39.38 | 48.43 | NOTE | |
| r-devel-linux-x86_64-debian-gcc | 1.0.2 | 7.49 | 31.38 | 38.87 | NOTE | |
| r-devel-linux-x86_64-fedora-clang | 1.0.2 | 27.00 | 47.75 | 74.75 | OK | |
| r-devel-linux-x86_64-fedora-gcc | 1.0.2 | 36.00 | 51.90 | 87.90 | NOTE | |
| r-devel-windows-x86_64 | 1.0.2 | 22.00 | 84.00 | 106.00 | OK | |
| r-patched-linux-x86_64 | 1.0.2 | 8.65 | 38.06 | 46.71 | OK | |
| r-release-linux-x86_64 | 1.0.2 | 8.09 | 37.95 | 46.04 | OK | |
| r-release-macos-arm64 | 1.0.2 | 6.00 | 33.00 | 39.00 | OK | |
| r-release-macos-x86_64 | 1.0.2 | 8.00 | 58.00 | 66.00 | OK | |
| r-release-windows-x86_64 | 1.0.2 | 21.00 | 88.00 | 109.00 | OK | |
| r-oldrel-macos-arm64 | 1.0.2 | 6.00 | 59.00 | 65.00 | OK | |
| r-oldrel-macos-x86_64 | 1.0.2 | 11.00 | 84.00 | 95.00 | OK | |
| r-oldrel-windows-x86_64 | 1.0.2 | 21.00 | 88.00 | 109.00 | OK |
Version: 1.0.2
Check: Rd files
Result: NOTE
checkRd: (-1) divo.Rd:7-22: Only 4 columns allowed in this table (row 1 has 3)
checkRd: (-1) divo.Rd:7-22: Only 4 columns allowed in this table (row 2 has 3)
checkRd: (-1) divo.Rd:7-22: Only 4 columns allowed in this table (row 3 has 3)
checkRd: (-1) divo.Rd:7-22: Only 4 columns allowed in this table (row 4 has 3)
checkRd: (-1) divo.Rd:7-22: Only 4 columns allowed in this table (row 5 has 3)
checkRd: (-1) divo.Rd:7-22: Only 4 columns allowed in this table (row 6 has 3)
checkRd: (-1) divo.Rd:7-22: Only 4 columns allowed in this table (row 7 has 3)
checkRd: (-1) divo.Rd:7-22: Only 4 columns allowed in this table (row 8 has 3)
checkRd: (-1) divo.Rd:7-22: Only 4 columns allowed in this table (row 9 has 3)
checkRd: (-1) divo.Rd:7-22: Only 4 columns allowed in this table (row 10 has 3)
checkRd: (-1) divo.Rd:7-22: Only 4 columns allowed in this table (row 11 has 3)
checkRd: (-1) divo.Rd:7-22: Only 4 columns allowed in this table (row 12 has 3)
checkRd: (-1) divo.Rd:7-22: Only 4 columns allowed in this table (row 13 has 3)
checkRd: (-1) divo.Rd:7-22: Only 4 columns allowed in this table (row 14 has 3)
Flavors: r-devel-linux-x86_64-debian-clang, r-devel-linux-x86_64-debian-gcc, r-devel-linux-x86_64-fedora-gcc
These binaries (installable software) and packages are in development.
They may not be fully stable and should be used with caution. We make no claims about them.