Last updated on 2025-02-16 10:50:44 CET.
Flavor | Version | Tinstall | Tcheck | Ttotal | Status | Flags |
---|---|---|---|---|---|---|
r-devel-linux-x86_64-debian-clang | 1.0.0 | 3.08 | 250.19 | 253.27 | NOTE | |
r-devel-linux-x86_64-debian-gcc | 1.0.0 | 2.14 | 167.98 | 170.12 | NOTE | |
r-devel-linux-x86_64-fedora-clang | 1.0.0 | 461.38 | NOTE | |||
r-devel-linux-x86_64-fedora-gcc | 1.0.0 | 438.78 | NOTE | |||
r-devel-macos-arm64 | 1.0.0 | 116.00 | OK | |||
r-devel-macos-x86_64 | 1.0.0 | 269.00 | NOTE | |||
r-devel-windows-x86_64 | 1.0.0 | 5.00 | 332.00 | 337.00 | NOTE | |
r-patched-linux-x86_64 | 1.0.0 | 3.16 | 242.39 | 245.55 | OK | |
r-release-linux-x86_64 | 1.0.0 | 3.01 | 241.23 | 244.24 | OK | |
r-release-macos-arm64 | 1.0.0 | 121.00 | OK | |||
r-release-macos-x86_64 | 1.0.0 | 200.00 | OK | |||
r-release-windows-x86_64 | 1.0.0 | 6.00 | 321.00 | 327.00 | OK | |
r-oldrel-macos-arm64 | 1.0.0 | 122.00 | OK | |||
r-oldrel-macos-x86_64 | 1.0.0 | 259.00 | OK | |||
r-oldrel-windows-x86_64 | 1.0.0 | 6.00 | 357.00 | 363.00 | OK |
Version: 1.0.0
Check: DESCRIPTION meta-information
Result: NOTE
Missing dependency on R >= 4.1.0 because package code uses the pipe
|> or function shorthand \(...) syntax added in R 4.1.0.
File(s) using such syntax:
‘subsample_circle.R’ ‘subsample_lat_band.R’
Flavors: r-devel-linux-x86_64-debian-clang, r-devel-linux-x86_64-debian-gcc, r-devel-linux-x86_64-fedora-clang, r-devel-linux-x86_64-fedora-gcc, r-devel-macos-x86_64, r-devel-windows-x86_64
These binaries (installable software) and packages are in development.
They may not be fully stable and should be used with caution. We make no claims about them.